{"id":36088,"date":"2025-11-19T11:37:16","date_gmt":"2025-11-19T10:37:16","guid":{"rendered":"https:\/\/www.franz-stadlhofer.at\/shop\/?post_type=product&#038;p=36088"},"modified":"2025-12-08T17:36:04","modified_gmt":"2025-12-08T16:36:04","slug":"kugelplatte","status":"publish","type":"product","link":"https:\/\/www.franz-stadlhofer.at\/shop\/produkt\/kugelplatte\/","title":{"rendered":"Kugelplatte"},"content":{"rendered":"<p>N\u00e4chste Weihnachten kommt bestimmt. Schnitzen Sie Ihre Weihnachtskugeln jetzt selbst und verleihen Sie Ihrem Baum damit eine ganz pers\u00f6nliche Note oder bereiten Sie anderen Menschen mit diesen selbstgemachten Besonderheiten eine Freude.<\/p>\n<p>Auf dieser 5 mm starken Lindenholzplatte sind je nach Variante 2 Kugeln bzw. 3 Kugeln bereits vorgelasert. Wenn Sie mit der Bearbeitung einer Kugel fertig sind, k\u00f6nnen Sie diese einfach mit 3 kleinen Schnitten aus der Form herausl\u00f6sen.<\/p>\n<p>Ma\u00dfe (L x B x H): 350 x 100 x 5 mm<\/p>\n<p>&nbsp;<\/p>\n","protected":false},"excerpt":{"rendered":"<p>N\u00e4chste Weihnachten kommt bestimmt. Schnitzen Sie Ihre Weihnachtskugeln jetzt selbst und verleihen Sie Ihrem Baum damit eine ganz pers\u00f6nliche Note oder bereiten Sie anderen Menschen mit diesen selbstgemachten Besonderheiten eine Freude. Auf dieser 5 mm  [&#8230;]<\/p>\n","protected":false},"featured_media":36093,"template":"","meta":[],"product_brand":[803],"product_cat":[765,759,782],"product_tag":[1334,1450,1516,1518,1719,1720],"class_list":{"0":"post-36088","1":"product","2":"type-product","3":"status-publish","4":"has-post-thumbnail","6":"product_brand-schnitzstube-franz-stadlhofer","7":"product_cat-jetzt-neu-online","8":"product_cat-rohes-lindenholz","9":"product_cat-kleingegenstande","10":"product_tag-deko","11":"product_tag-schnitzholz","12":"product_tag-rohes-lindenholz","13":"product_tag-beschnitzbar","14":"product_tag-kugel","15":"product_tag-weihnachtskugel","17":"first","18":"instock","19":"taxable","20":"shipping-taxable","21":"purchasable","22":"product-type-variable"},"barcode":null,"atum_controlled":true,"out_stock_date":null,"out_stock_threshold":null,"inheritable":true,"stock_on_hold":0,"sold_today":0,"sales_last_days":0,"reserved_stock":0,"customer_returns":0,"warehouse_damage":0,"lost_in_post":0,"other_logs":0,"out_stock_days":0,"lost_sales":0,"update_date":"2026-04-15T00:01:39","atum_locations":[],"atum_stock_status":"instock","restock_status":false,"low_stock_amount":10,"sales_update_date":"2026-04-15T00:01:39","calc_backorders":null,"yoast_head":"<!-- This site is optimized with the Yoast SEO plugin v27.3 - https:\/\/yoast.com\/product\/yoast-seo-wordpress\/ -->\n<title>Sternplatte<\/title>\n<meta name=\"description\" content=\"N\u00e4chste Weihnachten kommt bestimmt. Schnitzen Sie Ihre Weihnachtskugeln jetzt selbst und verleihen Sie Ihrem Baum damit eine ganz pers\u00f6nliche Note oder bereiten Sie anderen Menschen mit diesen selbstgemachten Besonderheiten eine Freude.Auf dieser 5 mm starken Lindenholzplatte sind je nach Variante 2 Kugelnbzw. 3 Kugeln bereits vorgelasert. Wenn Sie mit der Bearbeitung einer Kugel fertig sind, k\u00f6nnen Sie diese einfach mit 3 kleinen Schnitten aus der Form herausl\u00f6sen.Ma\u00dfe (L x B x H): 350 x 100 x 5 mm\" \/>\n<meta name=\"robots\" content=\"index, follow, max-snippet:-1, max-image-preview:large, max-video-preview:-1\" \/>\n<link rel=\"canonical\" href=\"https:\/\/www.franz-stadlhofer.at\/shop\/produkt\/kugelplatte\/\" \/>\n<meta property=\"og:locale\" content=\"de_DE\" \/>\n<meta property=\"og:type\" content=\"article\" \/>\n<meta property=\"og:title\" content=\"Sternplatte\" \/>\n<meta property=\"og:description\" content=\"N\u00e4chste Weihnachten kommt bestimmt. Schnitzen Sie Ihre Weihnachtskugeln jetzt selbst und verleihen Sie Ihrem Baum damit eine ganz pers\u00f6nliche Note oder bereiten Sie anderen Menschen mit diesen selbstgemachten Besonderheiten eine Freude.Auf dieser 5 mm starken Lindenholzplatte sind je nach Variante 2 Kugelnbzw. 3 Kugeln bereits vorgelasert. Wenn Sie mit der Bearbeitung einer Kugel fertig sind, k\u00f6nnen Sie diese einfach mit 3 kleinen Schnitten aus der Form herausl\u00f6sen.Ma\u00dfe (L x B x H): 350 x 100 x 5 mm\" \/>\n<meta property=\"og:url\" content=\"https:\/\/www.franz-stadlhofer.at\/shop\/produkt\/kugelplatte\/\" \/>\n<meta property=\"og:site_name\" content=\"Schnitzstube Stadlhofer Shop\" \/>\n<meta property=\"article:modified_time\" content=\"2025-12-08T16:36:04+00:00\" \/>\n<meta property=\"og:image\" content=\"https:\/\/www.franz-stadlhofer.at\/shop\/wp-content\/uploads\/2025\/11\/Kugel-Platte.jpg\" \/>\n\t<meta property=\"og:image:width\" content=\"945\" \/>\n\t<meta property=\"og:image:height\" content=\"945\" \/>\n\t<meta property=\"og:image:type\" content=\"image\/jpeg\" \/>\n<meta name=\"twitter:card\" content=\"summary_large_image\" \/>\n<meta name=\"twitter:label1\" content=\"Gesch\u00e4tzte Lesezeit\" \/>\n\t<meta name=\"twitter:data1\" content=\"1\u00a0Minute\" \/>\n<script type=\"application\/ld+json\" class=\"yoast-schema-graph\">{\"@context\":\"https:\\\/\\\/schema.org\",\"@graph\":[{\"@type\":\"WebPage\",\"@id\":\"https:\\\/\\\/www.franz-stadlhofer.at\\\/shop\\\/produkt\\\/kugelplatte\\\/\",\"url\":\"https:\\\/\\\/www.franz-stadlhofer.at\\\/shop\\\/produkt\\\/kugelplatte\\\/\",\"name\":\"Sternplatte\",\"isPartOf\":{\"@id\":\"https:\\\/\\\/www.franz-stadlhofer.at\\\/shop\\\/#website\"},\"primaryImageOfPage\":{\"@id\":\"https:\\\/\\\/www.franz-stadlhofer.at\\\/shop\\\/produkt\\\/kugelplatte\\\/#primaryimage\"},\"image\":{\"@id\":\"https:\\\/\\\/www.franz-stadlhofer.at\\\/shop\\\/produkt\\\/kugelplatte\\\/#primaryimage\"},\"thumbnailUrl\":\"https:\\\/\\\/www.franz-stadlhofer.at\\\/shop\\\/wp-content\\\/uploads\\\/2025\\\/11\\\/Kugel-Platte.jpg\",\"datePublished\":\"2025-11-19T10:37:16+00:00\",\"dateModified\":\"2025-12-08T16:36:04+00:00\",\"description\":\"N\u00e4chste Weihnachten kommt bestimmt. Schnitzen Sie Ihre Weihnachtskugeln jetzt selbst und verleihen Sie Ihrem Baum damit eine ganz pers\u00f6nliche Note oder bereiten Sie anderen Menschen mit diesen selbstgemachten Besonderheiten eine Freude.Auf dieser 5 mm starken Lindenholzplatte sind je nach Variante 2 Kugelnbzw. 3 Kugeln bereits vorgelasert. Wenn Sie mit der Bearbeitung einer Kugel fertig sind, k\u00f6nnen Sie diese einfach mit 3 kleinen Schnitten aus der Form herausl\u00f6sen.Ma\u00dfe (L x B x H): 350 x 100 x 5 mm\",\"breadcrumb\":{\"@id\":\"https:\\\/\\\/www.franz-stadlhofer.at\\\/shop\\\/produkt\\\/kugelplatte\\\/#breadcrumb\"},\"inLanguage\":\"de\",\"potentialAction\":[{\"@type\":\"ReadAction\",\"target\":[\"https:\\\/\\\/www.franz-stadlhofer.at\\\/shop\\\/produkt\\\/kugelplatte\\\/\"]}]},{\"@type\":\"ImageObject\",\"inLanguage\":\"de\",\"@id\":\"https:\\\/\\\/www.franz-stadlhofer.at\\\/shop\\\/produkt\\\/kugelplatte\\\/#primaryimage\",\"url\":\"https:\\\/\\\/www.franz-stadlhofer.at\\\/shop\\\/wp-content\\\/uploads\\\/2025\\\/11\\\/Kugel-Platte.jpg\",\"contentUrl\":\"https:\\\/\\\/www.franz-stadlhofer.at\\\/shop\\\/wp-content\\\/uploads\\\/2025\\\/11\\\/Kugel-Platte.jpg\",\"width\":945,\"height\":945,\"caption\":\"Rohes Lindenholz - Kugelplatte vorgelasert - Schnitzstube Stadlhofer\"},{\"@type\":\"BreadcrumbList\",\"@id\":\"https:\\\/\\\/www.franz-stadlhofer.at\\\/shop\\\/produkt\\\/kugelplatte\\\/#breadcrumb\",\"itemListElement\":[{\"@type\":\"ListItem\",\"position\":1,\"name\":\"Startseite\",\"item\":\"https:\\\/\\\/www.franz-stadlhofer.at\\\/shop\\\/\"},{\"@type\":\"ListItem\",\"position\":2,\"name\":\"Produkte\",\"item\":\"https:\\\/\\\/www.franz-stadlhofer.at\\\/shop\\\/shop\\\/\"},{\"@type\":\"ListItem\",\"position\":3,\"name\":\"Kugelplatte\"}]},{\"@type\":\"WebSite\",\"@id\":\"https:\\\/\\\/www.franz-stadlhofer.at\\\/shop\\\/#website\",\"url\":\"https:\\\/\\\/www.franz-stadlhofer.at\\\/shop\\\/\",\"name\":\"Schnitzstube Stadlhofer Shop\",\"description\":\"Holzschnitzen Onlineshop\",\"publisher\":{\"@id\":\"https:\\\/\\\/www.franz-stadlhofer.at\\\/shop\\\/#organization\"},\"potentialAction\":[{\"@type\":\"SearchAction\",\"target\":{\"@type\":\"EntryPoint\",\"urlTemplate\":\"https:\\\/\\\/www.franz-stadlhofer.at\\\/shop\\\/?s={search_term_string}\"},\"query-input\":{\"@type\":\"PropertyValueSpecification\",\"valueRequired\":true,\"valueName\":\"search_term_string\"}}],\"inLanguage\":\"de\"},{\"@type\":\"Organization\",\"@id\":\"https:\\\/\\\/www.franz-stadlhofer.at\\\/shop\\\/#organization\",\"name\":\"Schnitzstube Stadlhofer Shop\",\"url\":\"https:\\\/\\\/www.franz-stadlhofer.at\\\/shop\\\/\",\"logo\":{\"@type\":\"ImageObject\",\"inLanguage\":\"de\",\"@id\":\"https:\\\/\\\/www.franz-stadlhofer.at\\\/shop\\\/#\\\/schema\\\/logo\\\/image\\\/\",\"url\":\"https:\\\/\\\/www.franz-stadlhofer.at\\\/shop\\\/wp-content\\\/uploads\\\/2019\\\/10\\\/LOGO-2-RETINA.png\",\"contentUrl\":\"https:\\\/\\\/www.franz-stadlhofer.at\\\/shop\\\/wp-content\\\/uploads\\\/2019\\\/10\\\/LOGO-2-RETINA.png\",\"width\":471,\"height\":160,\"caption\":\"Schnitzstube Stadlhofer Shop\"},\"image\":{\"@id\":\"https:\\\/\\\/www.franz-stadlhofer.at\\\/shop\\\/#\\\/schema\\\/logo\\\/image\\\/\"}}]}<\/script>\n<!-- \/ Yoast SEO plugin. -->","yoast_head_json":{"title":"Sternplatte","description":"N\u00e4chste Weihnachten kommt bestimmt. Schnitzen Sie Ihre Weihnachtskugeln jetzt selbst und verleihen Sie Ihrem Baum damit eine ganz pers\u00f6nliche Note oder bereiten Sie anderen Menschen mit diesen selbstgemachten Besonderheiten eine Freude.Auf dieser 5 mm starken Lindenholzplatte sind je nach Variante 2 Kugelnbzw. 3 Kugeln bereits vorgelasert. Wenn Sie mit der Bearbeitung einer Kugel fertig sind, k\u00f6nnen Sie diese einfach mit 3 kleinen Schnitten aus der Form herausl\u00f6sen.Ma\u00dfe (L x B x H): 350 x 100 x 5 mm","robots":{"index":"index","follow":"follow","max-snippet":"max-snippet:-1","max-image-preview":"max-image-preview:large","max-video-preview":"max-video-preview:-1"},"canonical":"https:\/\/www.franz-stadlhofer.at\/shop\/produkt\/kugelplatte\/","og_locale":"de_DE","og_type":"article","og_title":"Sternplatte","og_description":"N\u00e4chste Weihnachten kommt bestimmt. Schnitzen Sie Ihre Weihnachtskugeln jetzt selbst und verleihen Sie Ihrem Baum damit eine ganz pers\u00f6nliche Note oder bereiten Sie anderen Menschen mit diesen selbstgemachten Besonderheiten eine Freude.Auf dieser 5 mm starken Lindenholzplatte sind je nach Variante 2 Kugelnbzw. 3 Kugeln bereits vorgelasert. Wenn Sie mit der Bearbeitung einer Kugel fertig sind, k\u00f6nnen Sie diese einfach mit 3 kleinen Schnitten aus der Form herausl\u00f6sen.Ma\u00dfe (L x B x H): 350 x 100 x 5 mm","og_url":"https:\/\/www.franz-stadlhofer.at\/shop\/produkt\/kugelplatte\/","og_site_name":"Schnitzstube Stadlhofer Shop","article_modified_time":"2025-12-08T16:36:04+00:00","og_image":[{"width":945,"height":945,"url":"https:\/\/www.franz-stadlhofer.at\/shop\/wp-content\/uploads\/2025\/11\/Kugel-Platte.jpg","type":"image\/jpeg"}],"twitter_card":"summary_large_image","twitter_misc":{"Gesch\u00e4tzte Lesezeit":"1\u00a0Minute"},"schema":{"@context":"https:\/\/schema.org","@graph":[{"@type":"WebPage","@id":"https:\/\/www.franz-stadlhofer.at\/shop\/produkt\/kugelplatte\/","url":"https:\/\/www.franz-stadlhofer.at\/shop\/produkt\/kugelplatte\/","name":"Sternplatte","isPartOf":{"@id":"https:\/\/www.franz-stadlhofer.at\/shop\/#website"},"primaryImageOfPage":{"@id":"https:\/\/www.franz-stadlhofer.at\/shop\/produkt\/kugelplatte\/#primaryimage"},"image":{"@id":"https:\/\/www.franz-stadlhofer.at\/shop\/produkt\/kugelplatte\/#primaryimage"},"thumbnailUrl":"https:\/\/www.franz-stadlhofer.at\/shop\/wp-content\/uploads\/2025\/11\/Kugel-Platte.jpg","datePublished":"2025-11-19T10:37:16+00:00","dateModified":"2025-12-08T16:36:04+00:00","description":"N\u00e4chste Weihnachten kommt bestimmt. Schnitzen Sie Ihre Weihnachtskugeln jetzt selbst und verleihen Sie Ihrem Baum damit eine ganz pers\u00f6nliche Note oder bereiten Sie anderen Menschen mit diesen selbstgemachten Besonderheiten eine Freude.Auf dieser 5 mm starken Lindenholzplatte sind je nach Variante 2 Kugelnbzw. 3 Kugeln bereits vorgelasert. Wenn Sie mit der Bearbeitung einer Kugel fertig sind, k\u00f6nnen Sie diese einfach mit 3 kleinen Schnitten aus der Form herausl\u00f6sen.Ma\u00dfe (L x B x H): 350 x 100 x 5 mm","breadcrumb":{"@id":"https:\/\/www.franz-stadlhofer.at\/shop\/produkt\/kugelplatte\/#breadcrumb"},"inLanguage":"de","potentialAction":[{"@type":"ReadAction","target":["https:\/\/www.franz-stadlhofer.at\/shop\/produkt\/kugelplatte\/"]}]},{"@type":"ImageObject","inLanguage":"de","@id":"https:\/\/www.franz-stadlhofer.at\/shop\/produkt\/kugelplatte\/#primaryimage","url":"https:\/\/www.franz-stadlhofer.at\/shop\/wp-content\/uploads\/2025\/11\/Kugel-Platte.jpg","contentUrl":"https:\/\/www.franz-stadlhofer.at\/shop\/wp-content\/uploads\/2025\/11\/Kugel-Platte.jpg","width":945,"height":945,"caption":"Rohes Lindenholz - Kugelplatte vorgelasert - Schnitzstube Stadlhofer"},{"@type":"BreadcrumbList","@id":"https:\/\/www.franz-stadlhofer.at\/shop\/produkt\/kugelplatte\/#breadcrumb","itemListElement":[{"@type":"ListItem","position":1,"name":"Startseite","item":"https:\/\/www.franz-stadlhofer.at\/shop\/"},{"@type":"ListItem","position":2,"name":"Produkte","item":"https:\/\/www.franz-stadlhofer.at\/shop\/shop\/"},{"@type":"ListItem","position":3,"name":"Kugelplatte"}]},{"@type":"WebSite","@id":"https:\/\/www.franz-stadlhofer.at\/shop\/#website","url":"https:\/\/www.franz-stadlhofer.at\/shop\/","name":"Schnitzstube Stadlhofer Shop","description":"Holzschnitzen Onlineshop","publisher":{"@id":"https:\/\/www.franz-stadlhofer.at\/shop\/#organization"},"potentialAction":[{"@type":"SearchAction","target":{"@type":"EntryPoint","urlTemplate":"https:\/\/www.franz-stadlhofer.at\/shop\/?s={search_term_string}"},"query-input":{"@type":"PropertyValueSpecification","valueRequired":true,"valueName":"search_term_string"}}],"inLanguage":"de"},{"@type":"Organization","@id":"https:\/\/www.franz-stadlhofer.at\/shop\/#organization","name":"Schnitzstube Stadlhofer Shop","url":"https:\/\/www.franz-stadlhofer.at\/shop\/","logo":{"@type":"ImageObject","inLanguage":"de","@id":"https:\/\/www.franz-stadlhofer.at\/shop\/#\/schema\/logo\/image\/","url":"https:\/\/www.franz-stadlhofer.at\/shop\/wp-content\/uploads\/2019\/10\/LOGO-2-RETINA.png","contentUrl":"https:\/\/www.franz-stadlhofer.at\/shop\/wp-content\/uploads\/2019\/10\/LOGO-2-RETINA.png","width":471,"height":160,"caption":"Schnitzstube Stadlhofer Shop"},"image":{"@id":"https:\/\/www.franz-stadlhofer.at\/shop\/#\/schema\/logo\/image\/"}}]}},"_links":{"self":[{"href":"https:\/\/www.franz-stadlhofer.at\/shop\/wp-json\/wp\/v2\/product\/36088","targetHints":{"allow":["GET"]}}],"collection":[{"href":"https:\/\/www.franz-stadlhofer.at\/shop\/wp-json\/wp\/v2\/product"}],"about":[{"href":"https:\/\/www.franz-stadlhofer.at\/shop\/wp-json\/wp\/v2\/types\/product"}],"wp:featuredmedia":[{"embeddable":true,"href":"https:\/\/www.franz-stadlhofer.at\/shop\/wp-json\/wp\/v2\/media\/36093"}],"wp:attachment":[{"href":"https:\/\/www.franz-stadlhofer.at\/shop\/wp-json\/wp\/v2\/media?parent=36088"}],"wp:term":[{"taxonomy":"product_brand","embeddable":true,"href":"https:\/\/www.franz-stadlhofer.at\/shop\/wp-json\/wp\/v2\/product_brand?post=36088"},{"taxonomy":"product_cat","embeddable":true,"href":"https:\/\/www.franz-stadlhofer.at\/shop\/wp-json\/wp\/v2\/product_cat?post=36088"},{"taxonomy":"product_tag","embeddable":true,"href":"https:\/\/www.franz-stadlhofer.at\/shop\/wp-json\/wp\/v2\/product_tag?post=36088"}],"curies":[{"name":"wp","href":"https:\/\/api.w.org\/{rel}","templated":true}]}}