{"id":25834,"date":"2021-01-22T10:14:12","date_gmt":"2021-01-22T09:14:12","guid":{"rendered":"https:\/\/www.franz-stadlhofer.at\/shop\/?post_type=product&#038;p=25834"},"modified":"2025-09-07T21:11:09","modified_gmt":"2025-09-07T19:11:09","slug":"vorlagenheft-2-kassettendecke","status":"publish","type":"product","link":"https:\/\/www.franz-stadlhofer.at\/shop\/produkt\/vorlagenheft-2-kassettendecke\/","title":{"rendered":"Vorlagenheft 2 &#8211; Kassettendecke"},"content":{"rendered":"<div class=\"fusion-fullwidth fullwidth-box fusion-builder-row-1 nonhundred-percent-fullwidth non-hundred-percent-height-scrolling\" style=\"--awb-border-radius-top-left:0px;--awb-border-radius-top-right:0px;--awb-border-radius-bottom-right:0px;--awb-border-radius-bottom-left:0px;--awb-flex-wrap:wrap;\" ><div class=\"fusion-builder-row fusion-row\"><div class=\"fusion-layout-column fusion_builder_column fusion-builder-column-0 fusion_builder_column_1_1 1_1 fusion-one-full fusion-column-first fusion-column-last\" style=\"--awb-bg-size:cover;--awb-margin-top:0px;--awb-margin-bottom:0px;\"><div class=\"fusion-column-wrapper fusion-flex-column-wrapper-legacy\"><div class=\"fusion-text fusion-text-1\"><div class=\"fusion-text fusion-text-3\">\n<p>Dieses Heft ist einer <b>Kassettendecke im traditionellen Kerbschnitt<\/b>\u00a0gewidmet \u2013 genau jener Decke, die den Eingangsbereich zur Schnitzstube Stadlhofer in Wien ziert.<\/p>\n<\/div>\n<div class=\"fusion-text fusion-text-4\">\n<p>Aber auch f\u00fcr all jene, die nicht gleich eine Kassettendecke schnitzen m\u00f6chten oder k\u00f6nnen, sind die acht teilweise recht aufwendigen<b>\u00a0Rosetten auch auf anderen Gegenst\u00e4nden umsetzbar<\/b>\u00a0oder abwandelbar.<\/p>\n<\/div>\n<div class=\"fusion-text fusion-text-5\">\n<p>Wie auch beim ersten Heft dieser Reihe\u00a0sind die Vorlagen sehr \u00fcbersichtlich\u00a0<b>sowohl als ausgefertigtes Foto als auch als Musterzeichnung<\/b>\u00a0zum leichten Nachmachen abgebildet.<\/p>\n<p>20 Seiten<\/p>\n<\/div>\n<\/div><div class=\"fusion-clearfix\"><\/div><\/div><\/div><\/div><\/div>\n","protected":false},"excerpt":{"rendered":"","protected":false},"featured_media":22419,"template":"","meta":[],"product_brand":[],"product_cat":[773,1188],"product_tag":[955,991,1001,1002,1003],"class_list":{"0":"post-25834","1":"product","2":"type-product","3":"status-publish","4":"has-post-thumbnail","6":"product_cat-lesen-lernen","7":"product_cat-drum-herum","8":"product_tag-uhren","9":"product_tag-sterne","10":"product_tag-heft","11":"product_tag-muster","12":"product_tag-vorlagen","14":"first","15":"instock","16":"taxable","17":"shipping-taxable","18":"purchasable","19":"product-type-simple"},"barcode":null,"atum_controlled":true,"out_stock_date":null,"out_stock_threshold":null,"inheritable":false,"stock_on_hold":0,"sold_today":0,"sales_last_days":0,"reserved_stock":0,"customer_returns":0,"warehouse_damage":0,"lost_in_post":0,"other_logs":0,"out_stock_days":0,"lost_sales":0,"update_date":"2026-04-14T00:09:40","atum_locations":[],"atum_stock_status":"instock","restock_status":false,"low_stock_amount":"","sales_update_date":"2026-04-14T00:09:40","calc_backorders":null,"yoast_head":"<!-- This site is optimized with the Yoast SEO plugin v27.3 - https:\/\/yoast.com\/product\/yoast-seo-wordpress\/ -->\n<title>Vorlagenheft 2 - Kassettendecke<\/title>\n<meta name=\"description\" content=\"Dieses Heft ist einer Kassettendecke im traditionellen Kerbschnitt\u00a0gewidmet \u2013 genau jener Decke, die den Eingangsbereich zur Schnitzstube Stadlhofer in Wien ziert.Aber auch f\u00fcr all jene, die nicht gleich eine Kassettendecke schnitzen m\u00f6chten oder k\u00f6nnen, sind die acht teilweise recht aufwendigen\u00a0Rosetten auch auf anderen Gegenst\u00e4nden umsetzbar\u00a0oder abwandelbar.Wie auch beim ersten Heft dieser Reihe\u00a0sind die Vorlagen sehr \u00fcbersichtlich\u00a0sowohl als ausgefertigtes Foto als auch als Musterzeichnung\u00a0zum leichten Nachmachen abgebildet.\" \/>\n<meta name=\"robots\" content=\"index, follow, max-snippet:-1, max-image-preview:large, max-video-preview:-1\" \/>\n<link rel=\"canonical\" href=\"https:\/\/www.franz-stadlhofer.at\/shop\/produkt\/vorlagenheft-2-kassettendecke\/\" \/>\n<meta property=\"og:locale\" content=\"de_DE\" \/>\n<meta property=\"og:type\" content=\"article\" \/>\n<meta property=\"og:title\" content=\"Vorlagenheft 2 - Kassettendecke\" \/>\n<meta property=\"og:description\" content=\"Dieses Heft ist einer Kassettendecke im traditionellen Kerbschnitt\u00a0gewidmet \u2013 genau jener Decke, die den Eingangsbereich zur Schnitzstube Stadlhofer in Wien ziert.Aber auch f\u00fcr all jene, die nicht gleich eine Kassettendecke schnitzen m\u00f6chten oder k\u00f6nnen, sind die acht teilweise recht aufwendigen\u00a0Rosetten auch auf anderen Gegenst\u00e4nden umsetzbar\u00a0oder abwandelbar.Wie auch beim ersten Heft dieser Reihe\u00a0sind die Vorlagen sehr \u00fcbersichtlich\u00a0sowohl als ausgefertigtes Foto als auch als Musterzeichnung\u00a0zum leichten Nachmachen abgebildet.\" \/>\n<meta property=\"og:url\" content=\"https:\/\/www.franz-stadlhofer.at\/shop\/produkt\/vorlagenheft-2-kassettendecke\/\" \/>\n<meta property=\"og:site_name\" content=\"Schnitzstube Stadlhofer Shop\" \/>\n<meta property=\"article:modified_time\" content=\"2025-09-07T19:11:09+00:00\" \/>\n<meta property=\"og:image\" content=\"https:\/\/www.franz-stadlhofer.at\/shop\/wp-content\/uploads\/2015\/01\/products-Heft_2_-_Kassettendecke.jpg\" \/>\n\t<meta property=\"og:image:width\" content=\"945\" \/>\n\t<meta property=\"og:image:height\" content=\"945\" \/>\n\t<meta property=\"og:image:type\" content=\"image\/jpeg\" \/>\n<meta name=\"twitter:card\" content=\"summary_large_image\" \/>\n<meta name=\"twitter:label1\" content=\"Gesch\u00e4tzte Lesezeit\" \/>\n\t<meta name=\"twitter:data1\" content=\"1\u00a0Minute\" \/>\n<script type=\"application\/ld+json\" class=\"yoast-schema-graph\">{\"@context\":\"https:\\\/\\\/schema.org\",\"@graph\":[{\"@type\":\"WebPage\",\"@id\":\"https:\\\/\\\/www.franz-stadlhofer.at\\\/shop\\\/produkt\\\/vorlagenheft-2-kassettendecke\\\/\",\"url\":\"https:\\\/\\\/www.franz-stadlhofer.at\\\/shop\\\/produkt\\\/vorlagenheft-2-kassettendecke\\\/\",\"name\":\"Vorlagenheft 2 - Kassettendecke\",\"isPartOf\":{\"@id\":\"https:\\\/\\\/www.franz-stadlhofer.at\\\/shop\\\/#website\"},\"primaryImageOfPage\":{\"@id\":\"https:\\\/\\\/www.franz-stadlhofer.at\\\/shop\\\/produkt\\\/vorlagenheft-2-kassettendecke\\\/#primaryimage\"},\"image\":{\"@id\":\"https:\\\/\\\/www.franz-stadlhofer.at\\\/shop\\\/produkt\\\/vorlagenheft-2-kassettendecke\\\/#primaryimage\"},\"thumbnailUrl\":\"https:\\\/\\\/www.franz-stadlhofer.at\\\/shop\\\/wp-content\\\/uploads\\\/2015\\\/01\\\/products-Heft_2_-_Kassettendecke.jpg\",\"datePublished\":\"2021-01-22T09:14:12+00:00\",\"dateModified\":\"2025-09-07T19:11:09+00:00\",\"description\":\"Dieses Heft ist einer Kassettendecke im traditionellen Kerbschnitt\u00a0gewidmet \u2013 genau jener Decke, die den Eingangsbereich zur Schnitzstube Stadlhofer in Wien ziert.Aber auch f\u00fcr all jene, die nicht gleich eine Kassettendecke schnitzen m\u00f6chten oder k\u00f6nnen, sind die acht teilweise recht aufwendigen\u00a0Rosetten auch auf anderen Gegenst\u00e4nden umsetzbar\u00a0oder abwandelbar.Wie auch beim ersten Heft dieser Reihe\u00a0sind die Vorlagen sehr \u00fcbersichtlich\u00a0sowohl als ausgefertigtes Foto als auch als Musterzeichnung\u00a0zum leichten Nachmachen abgebildet.\",\"breadcrumb\":{\"@id\":\"https:\\\/\\\/www.franz-stadlhofer.at\\\/shop\\\/produkt\\\/vorlagenheft-2-kassettendecke\\\/#breadcrumb\"},\"inLanguage\":\"de\",\"potentialAction\":[{\"@type\":\"ReadAction\",\"target\":[\"https:\\\/\\\/www.franz-stadlhofer.at\\\/shop\\\/produkt\\\/vorlagenheft-2-kassettendecke\\\/\"]}]},{\"@type\":\"ImageObject\",\"inLanguage\":\"de\",\"@id\":\"https:\\\/\\\/www.franz-stadlhofer.at\\\/shop\\\/produkt\\\/vorlagenheft-2-kassettendecke\\\/#primaryimage\",\"url\":\"https:\\\/\\\/www.franz-stadlhofer.at\\\/shop\\\/wp-content\\\/uploads\\\/2015\\\/01\\\/products-Heft_2_-_Kassettendecke.jpg\",\"contentUrl\":\"https:\\\/\\\/www.franz-stadlhofer.at\\\/shop\\\/wp-content\\\/uploads\\\/2015\\\/01\\\/products-Heft_2_-_Kassettendecke.jpg\",\"width\":\"945\",\"height\":\"945\",\"caption\":\"Vorlagenhefte - Schnitzstube Stadlhofer Shop\"},{\"@type\":\"BreadcrumbList\",\"@id\":\"https:\\\/\\\/www.franz-stadlhofer.at\\\/shop\\\/produkt\\\/vorlagenheft-2-kassettendecke\\\/#breadcrumb\",\"itemListElement\":[{\"@type\":\"ListItem\",\"position\":1,\"name\":\"Startseite\",\"item\":\"https:\\\/\\\/www.franz-stadlhofer.at\\\/shop\\\/\"},{\"@type\":\"ListItem\",\"position\":2,\"name\":\"Produkte\",\"item\":\"https:\\\/\\\/www.franz-stadlhofer.at\\\/shop\\\/shop\\\/\"},{\"@type\":\"ListItem\",\"position\":3,\"name\":\"Vorlagenheft 2 &#8211; Kassettendecke\"}]},{\"@type\":\"WebSite\",\"@id\":\"https:\\\/\\\/www.franz-stadlhofer.at\\\/shop\\\/#website\",\"url\":\"https:\\\/\\\/www.franz-stadlhofer.at\\\/shop\\\/\",\"name\":\"Schnitzstube Stadlhofer Shop\",\"description\":\"Holzschnitzen Onlineshop\",\"publisher\":{\"@id\":\"https:\\\/\\\/www.franz-stadlhofer.at\\\/shop\\\/#organization\"},\"potentialAction\":[{\"@type\":\"SearchAction\",\"target\":{\"@type\":\"EntryPoint\",\"urlTemplate\":\"https:\\\/\\\/www.franz-stadlhofer.at\\\/shop\\\/?s={search_term_string}\"},\"query-input\":{\"@type\":\"PropertyValueSpecification\",\"valueRequired\":true,\"valueName\":\"search_term_string\"}}],\"inLanguage\":\"de\"},{\"@type\":\"Organization\",\"@id\":\"https:\\\/\\\/www.franz-stadlhofer.at\\\/shop\\\/#organization\",\"name\":\"Schnitzstube Stadlhofer Shop\",\"url\":\"https:\\\/\\\/www.franz-stadlhofer.at\\\/shop\\\/\",\"logo\":{\"@type\":\"ImageObject\",\"inLanguage\":\"de\",\"@id\":\"https:\\\/\\\/www.franz-stadlhofer.at\\\/shop\\\/#\\\/schema\\\/logo\\\/image\\\/\",\"url\":\"https:\\\/\\\/www.franz-stadlhofer.at\\\/shop\\\/wp-content\\\/uploads\\\/2019\\\/10\\\/LOGO-2-RETINA.png\",\"contentUrl\":\"https:\\\/\\\/www.franz-stadlhofer.at\\\/shop\\\/wp-content\\\/uploads\\\/2019\\\/10\\\/LOGO-2-RETINA.png\",\"width\":471,\"height\":160,\"caption\":\"Schnitzstube Stadlhofer Shop\"},\"image\":{\"@id\":\"https:\\\/\\\/www.franz-stadlhofer.at\\\/shop\\\/#\\\/schema\\\/logo\\\/image\\\/\"}}]}<\/script>\n<!-- \/ Yoast SEO plugin. -->","yoast_head_json":{"title":"Vorlagenheft 2 - Kassettendecke","description":"Dieses Heft ist einer Kassettendecke im traditionellen Kerbschnitt\u00a0gewidmet \u2013 genau jener Decke, die den Eingangsbereich zur Schnitzstube Stadlhofer in Wien ziert.Aber auch f\u00fcr all jene, die nicht gleich eine Kassettendecke schnitzen m\u00f6chten oder k\u00f6nnen, sind die acht teilweise recht aufwendigen\u00a0Rosetten auch auf anderen Gegenst\u00e4nden umsetzbar\u00a0oder abwandelbar.Wie auch beim ersten Heft dieser Reihe\u00a0sind die Vorlagen sehr \u00fcbersichtlich\u00a0sowohl als ausgefertigtes Foto als auch als Musterzeichnung\u00a0zum leichten Nachmachen abgebildet.","robots":{"index":"index","follow":"follow","max-snippet":"max-snippet:-1","max-image-preview":"max-image-preview:large","max-video-preview":"max-video-preview:-1"},"canonical":"https:\/\/www.franz-stadlhofer.at\/shop\/produkt\/vorlagenheft-2-kassettendecke\/","og_locale":"de_DE","og_type":"article","og_title":"Vorlagenheft 2 - Kassettendecke","og_description":"Dieses Heft ist einer Kassettendecke im traditionellen Kerbschnitt\u00a0gewidmet \u2013 genau jener Decke, die den Eingangsbereich zur Schnitzstube Stadlhofer in Wien ziert.Aber auch f\u00fcr all jene, die nicht gleich eine Kassettendecke schnitzen m\u00f6chten oder k\u00f6nnen, sind die acht teilweise recht aufwendigen\u00a0Rosetten auch auf anderen Gegenst\u00e4nden umsetzbar\u00a0oder abwandelbar.Wie auch beim ersten Heft dieser Reihe\u00a0sind die Vorlagen sehr \u00fcbersichtlich\u00a0sowohl als ausgefertigtes Foto als auch als Musterzeichnung\u00a0zum leichten Nachmachen abgebildet.","og_url":"https:\/\/www.franz-stadlhofer.at\/shop\/produkt\/vorlagenheft-2-kassettendecke\/","og_site_name":"Schnitzstube Stadlhofer Shop","article_modified_time":"2025-09-07T19:11:09+00:00","og_image":[{"width":945,"height":945,"url":"https:\/\/www.franz-stadlhofer.at\/shop\/wp-content\/uploads\/2015\/01\/products-Heft_2_-_Kassettendecke.jpg","type":"image\/jpeg"}],"twitter_card":"summary_large_image","twitter_misc":{"Gesch\u00e4tzte Lesezeit":"1\u00a0Minute"},"schema":{"@context":"https:\/\/schema.org","@graph":[{"@type":"WebPage","@id":"https:\/\/www.franz-stadlhofer.at\/shop\/produkt\/vorlagenheft-2-kassettendecke\/","url":"https:\/\/www.franz-stadlhofer.at\/shop\/produkt\/vorlagenheft-2-kassettendecke\/","name":"Vorlagenheft 2 - Kassettendecke","isPartOf":{"@id":"https:\/\/www.franz-stadlhofer.at\/shop\/#website"},"primaryImageOfPage":{"@id":"https:\/\/www.franz-stadlhofer.at\/shop\/produkt\/vorlagenheft-2-kassettendecke\/#primaryimage"},"image":{"@id":"https:\/\/www.franz-stadlhofer.at\/shop\/produkt\/vorlagenheft-2-kassettendecke\/#primaryimage"},"thumbnailUrl":"https:\/\/www.franz-stadlhofer.at\/shop\/wp-content\/uploads\/2015\/01\/products-Heft_2_-_Kassettendecke.jpg","datePublished":"2021-01-22T09:14:12+00:00","dateModified":"2025-09-07T19:11:09+00:00","description":"Dieses Heft ist einer Kassettendecke im traditionellen Kerbschnitt\u00a0gewidmet \u2013 genau jener Decke, die den Eingangsbereich zur Schnitzstube Stadlhofer in Wien ziert.Aber auch f\u00fcr all jene, die nicht gleich eine Kassettendecke schnitzen m\u00f6chten oder k\u00f6nnen, sind die acht teilweise recht aufwendigen\u00a0Rosetten auch auf anderen Gegenst\u00e4nden umsetzbar\u00a0oder abwandelbar.Wie auch beim ersten Heft dieser Reihe\u00a0sind die Vorlagen sehr \u00fcbersichtlich\u00a0sowohl als ausgefertigtes Foto als auch als Musterzeichnung\u00a0zum leichten Nachmachen abgebildet.","breadcrumb":{"@id":"https:\/\/www.franz-stadlhofer.at\/shop\/produkt\/vorlagenheft-2-kassettendecke\/#breadcrumb"},"inLanguage":"de","potentialAction":[{"@type":"ReadAction","target":["https:\/\/www.franz-stadlhofer.at\/shop\/produkt\/vorlagenheft-2-kassettendecke\/"]}]},{"@type":"ImageObject","inLanguage":"de","@id":"https:\/\/www.franz-stadlhofer.at\/shop\/produkt\/vorlagenheft-2-kassettendecke\/#primaryimage","url":"https:\/\/www.franz-stadlhofer.at\/shop\/wp-content\/uploads\/2015\/01\/products-Heft_2_-_Kassettendecke.jpg","contentUrl":"https:\/\/www.franz-stadlhofer.at\/shop\/wp-content\/uploads\/2015\/01\/products-Heft_2_-_Kassettendecke.jpg","width":"945","height":"945","caption":"Vorlagenhefte - Schnitzstube Stadlhofer Shop"},{"@type":"BreadcrumbList","@id":"https:\/\/www.franz-stadlhofer.at\/shop\/produkt\/vorlagenheft-2-kassettendecke\/#breadcrumb","itemListElement":[{"@type":"ListItem","position":1,"name":"Startseite","item":"https:\/\/www.franz-stadlhofer.at\/shop\/"},{"@type":"ListItem","position":2,"name":"Produkte","item":"https:\/\/www.franz-stadlhofer.at\/shop\/shop\/"},{"@type":"ListItem","position":3,"name":"Vorlagenheft 2 &#8211; Kassettendecke"}]},{"@type":"WebSite","@id":"https:\/\/www.franz-stadlhofer.at\/shop\/#website","url":"https:\/\/www.franz-stadlhofer.at\/shop\/","name":"Schnitzstube Stadlhofer Shop","description":"Holzschnitzen Onlineshop","publisher":{"@id":"https:\/\/www.franz-stadlhofer.at\/shop\/#organization"},"potentialAction":[{"@type":"SearchAction","target":{"@type":"EntryPoint","urlTemplate":"https:\/\/www.franz-stadlhofer.at\/shop\/?s={search_term_string}"},"query-input":{"@type":"PropertyValueSpecification","valueRequired":true,"valueName":"search_term_string"}}],"inLanguage":"de"},{"@type":"Organization","@id":"https:\/\/www.franz-stadlhofer.at\/shop\/#organization","name":"Schnitzstube Stadlhofer Shop","url":"https:\/\/www.franz-stadlhofer.at\/shop\/","logo":{"@type":"ImageObject","inLanguage":"de","@id":"https:\/\/www.franz-stadlhofer.at\/shop\/#\/schema\/logo\/image\/","url":"https:\/\/www.franz-stadlhofer.at\/shop\/wp-content\/uploads\/2019\/10\/LOGO-2-RETINA.png","contentUrl":"https:\/\/www.franz-stadlhofer.at\/shop\/wp-content\/uploads\/2019\/10\/LOGO-2-RETINA.png","width":471,"height":160,"caption":"Schnitzstube Stadlhofer Shop"},"image":{"@id":"https:\/\/www.franz-stadlhofer.at\/shop\/#\/schema\/logo\/image\/"}}]}},"_links":{"self":[{"href":"https:\/\/www.franz-stadlhofer.at\/shop\/wp-json\/wp\/v2\/product\/25834","targetHints":{"allow":["GET"]}}],"collection":[{"href":"https:\/\/www.franz-stadlhofer.at\/shop\/wp-json\/wp\/v2\/product"}],"about":[{"href":"https:\/\/www.franz-stadlhofer.at\/shop\/wp-json\/wp\/v2\/types\/product"}],"wp:featuredmedia":[{"embeddable":true,"href":"https:\/\/www.franz-stadlhofer.at\/shop\/wp-json\/wp\/v2\/media\/22419"}],"wp:attachment":[{"href":"https:\/\/www.franz-stadlhofer.at\/shop\/wp-json\/wp\/v2\/media?parent=25834"}],"wp:term":[{"taxonomy":"product_brand","embeddable":true,"href":"https:\/\/www.franz-stadlhofer.at\/shop\/wp-json\/wp\/v2\/product_brand?post=25834"},{"taxonomy":"product_cat","embeddable":true,"href":"https:\/\/www.franz-stadlhofer.at\/shop\/wp-json\/wp\/v2\/product_cat?post=25834"},{"taxonomy":"product_tag","embeddable":true,"href":"https:\/\/www.franz-stadlhofer.at\/shop\/wp-json\/wp\/v2\/product_tag?post=25834"}],"curies":[{"name":"wp","href":"https:\/\/api.w.org\/{rel}","templated":true}]}}