{"id":22759,"date":"2017-12-03T16:03:45","date_gmt":"2017-12-03T15:03:45","guid":{"rendered":"https:\/\/www.franz-stadlhofer.at\/shop\/?post_type=product&#038;p=22759"},"modified":"2025-12-27T16:14:41","modified_gmt":"2025-12-27T15:14:41","slug":"sterne-set-1","status":"publish","type":"product","link":"https:\/\/www.franz-stadlhofer.at\/shop\/produkt\/sterne-set-1\/","title":{"rendered":"Sterne Set 1"},"content":{"rendered":"<div class=\"fusion-fullwidth fullwidth-box fusion-builder-row-1 fusion-flex-container nonhundred-percent-fullwidth non-hundred-percent-height-scrolling\" style=\"--awb-border-radius-top-left:0px;--awb-border-radius-top-right:0px;--awb-border-radius-bottom-right:0px;--awb-border-radius-bottom-left:0px;--awb-flex-wrap:wrap;\" ><div class=\"fusion-builder-row fusion-row fusion-flex-align-items-flex-start fusion-flex-content-wrap\" style=\"max-width:1216.8px;margin-left: calc(-4% \/ 2 );margin-right: calc(-4% \/ 2 );\"><div class=\"fusion-layout-column fusion_builder_column fusion-builder-column-0 fusion_builder_column_1_1 1_1 fusion-flex-column\" style=\"--awb-bg-size:cover;--awb-width-large:100%;--awb-margin-top-large:0px;--awb-spacing-right-large:1.92%;--awb-margin-bottom-large:0px;--awb-spacing-left-large:1.92%;--awb-width-medium:100%;--awb-spacing-right-medium:1.92%;--awb-spacing-left-medium:1.92%;--awb-width-small:100%;--awb-spacing-right-small:1.92%;--awb-spacing-left-small:1.92%;\"><div class=\"fusion-column-wrapper fusion-flex-justify-content-flex-start fusion-content-layout-column\"><div class=\"fusion-text fusion-text-1\"><p>Weihnachten kann kommen! Nicht nur als ideales pers\u00f6nliches Geschenk eignen sich die geschnitzen Sterne. Sie machen auch den eigenen Christbaum mit diesen 5 Platten (\u00e1 3 Sterne) zu etwas ganz Besonderem. Die rohen Sterne auf den Lindenholzplatten k\u00f6nnen beliebig mit eigenen Muster beschnitzt werden. Diese sind danach einfach aus den Platten herauszul\u00f6sen.<\/p>\n<p>F\u00fcr all jene, die noch keine Vorlagen besitzen, empfehlen wir unser <strong><a title=\"zu den Set-Angeboten\" href=\"https:\/\/www.franz-stadlhofer.at\/shop\/produkt\/sterne-set\/\">Sterne Set 2<\/a><\/strong>. F\u00fcr das leichte \u00dcbertragen der Muster aufs Holz ist unser <a href=\"https:\/\/www.franz-stadlhofer.at\/shop\/produkt\/mini-bugeleisen\/\"><strong>Mini-B\u00fcgeleisen<\/strong><\/a> optimal geeignet.<\/p>\n<p>Die bereits fertig geschnitzten Sterne auf der Abbildung dienen als Anschauungsbeispiele und sind nicht in der Lieferung enthalten.<\/p>\n<\/div><\/div><\/div><\/div><\/div>\n","protected":false},"excerpt":{"rendered":"","protected":false},"featured_media":31199,"template":"","meta":[],"product_brand":[803],"product_cat":[1216],"product_tag":[889,991,992,1104],"class_list":{"0":"post-22759","1":"product","2":"type-product","3":"status-publish","4":"has-post-thumbnail","6":"product_brand-schnitzstube-franz-stadlhofer","7":"product_cat-sets-zum-schnitzen","8":"product_tag-sternenplatte","9":"product_tag-sterne","10":"product_tag-weihnachtssterne","11":"product_tag-bugelstift","13":"first","14":"instock","15":"sale","16":"taxable","17":"shipping-taxable","18":"purchasable","19":"product-type-simple"},"barcode":null,"atum_controlled":true,"out_stock_date":null,"out_stock_threshold":null,"inheritable":false,"stock_on_hold":0,"sold_today":0,"sales_last_days":0,"reserved_stock":0,"customer_returns":0,"warehouse_damage":0,"lost_in_post":0,"other_logs":0,"out_stock_days":0,"lost_sales":0,"update_date":"2026-05-01T00:02:07","atum_locations":[],"atum_stock_status":"instock","restock_status":false,"low_stock_amount":2,"sales_update_date":"2026-05-01T00:02:07","calc_backorders":null,"yoast_head":"<!-- This site is optimized with the Yoast SEO plugin v27.4 - https:\/\/yoast.com\/product\/yoast-seo-wordpress\/ -->\n<title>Sterne Set 1<\/title>\n<meta name=\"description\" content=\"Weihnachten kann kommen! Nicht nur als ideales pers\u00f6nliches Geschenk eignen sich die geschnitzen Sterne. Sie machen auch den eigenen Christbaum mit diesen 5 Platten (\u00e1 3 Sterne) zu etwas ganz Besonderem. Die rohen Sterne auf den Lindenholzplatten k\u00f6nnen beliebig mit eigenen Muster beschnitzt werden. Diese sind danach einfach aus den Platten herauszul\u00f6sen. F\u00fcr all jene, die noch keine Vorlagen oder den B\u00fcgelstift zum leichten \u00dcbertragen der Muster auf das Holz besitzen, empfehlen wir unsere Weihnachtsstern-Set Angebote. Die bereits fertig geschnitzten Sterne auf der Abbildung dienen als Anschauungsbeispiele und sind nicht in der Lieferung enthalten.\" \/>\n<meta name=\"robots\" content=\"index, follow, max-snippet:-1, max-image-preview:large, max-video-preview:-1\" \/>\n<link rel=\"canonical\" href=\"https:\/\/www.franz-stadlhofer.at\/shop\/produkt\/sterne-set-1\/\" \/>\n<meta property=\"og:locale\" content=\"de_DE\" \/>\n<meta property=\"og:type\" content=\"article\" \/>\n<meta property=\"og:title\" content=\"Sterne Set 1\" \/>\n<meta property=\"og:description\" content=\"Weihnachten kann kommen! Nicht nur als ideales pers\u00f6nliches Geschenk eignen sich die geschnitzen Sterne. Sie machen auch den eigenen Christbaum mit diesen 5 Platten (\u00e1 3 Sterne) zu etwas ganz Besonderem. Die rohen Sterne auf den Lindenholzplatten k\u00f6nnen beliebig mit eigenen Muster beschnitzt werden. Diese sind danach einfach aus den Platten herauszul\u00f6sen. F\u00fcr all jene, die noch keine Vorlagen oder den B\u00fcgelstift zum leichten \u00dcbertragen der Muster auf das Holz besitzen, empfehlen wir unsere Weihnachtsstern-Set Angebote. Die bereits fertig geschnitzten Sterne auf der Abbildung dienen als Anschauungsbeispiele und sind nicht in der Lieferung enthalten.\" \/>\n<meta property=\"og:url\" content=\"https:\/\/www.franz-stadlhofer.at\/shop\/produkt\/sterne-set-1\/\" \/>\n<meta property=\"og:site_name\" content=\"Schnitzstube Stadlhofer Shop\" \/>\n<meta property=\"article:modified_time\" content=\"2025-12-27T15:14:41+00:00\" \/>\n<meta property=\"og:image\" content=\"https:\/\/www.franz-stadlhofer.at\/shop\/wp-content\/uploads\/2017\/12\/Sterne-Set-1.jpg\" \/>\n\t<meta property=\"og:image:width\" content=\"945\" \/>\n\t<meta property=\"og:image:height\" content=\"945\" \/>\n\t<meta property=\"og:image:type\" content=\"image\/jpeg\" \/>\n<meta name=\"twitter:card\" content=\"summary_large_image\" \/>\n<meta name=\"twitter:label1\" content=\"Gesch\u00e4tzte Lesezeit\" \/>\n\t<meta name=\"twitter:data1\" content=\"1\u00a0Minute\" \/>\n<script type=\"application\/ld+json\" class=\"yoast-schema-graph\">{\"@context\":\"https:\\\/\\\/schema.org\",\"@graph\":[{\"@type\":\"WebPage\",\"@id\":\"https:\\\/\\\/www.franz-stadlhofer.at\\\/shop\\\/produkt\\\/sterne-set-1\\\/\",\"url\":\"https:\\\/\\\/www.franz-stadlhofer.at\\\/shop\\\/produkt\\\/sterne-set-1\\\/\",\"name\":\"Sterne Set 1\",\"isPartOf\":{\"@id\":\"https:\\\/\\\/www.franz-stadlhofer.at\\\/shop\\\/#website\"},\"primaryImageOfPage\":{\"@id\":\"https:\\\/\\\/www.franz-stadlhofer.at\\\/shop\\\/produkt\\\/sterne-set-1\\\/#primaryimage\"},\"image\":{\"@id\":\"https:\\\/\\\/www.franz-stadlhofer.at\\\/shop\\\/produkt\\\/sterne-set-1\\\/#primaryimage\"},\"thumbnailUrl\":\"https:\\\/\\\/www.franz-stadlhofer.at\\\/shop\\\/wp-content\\\/uploads\\\/2017\\\/12\\\/Sterne-Set-1.jpg\",\"datePublished\":\"2017-12-03T15:03:45+00:00\",\"dateModified\":\"2025-12-27T15:14:41+00:00\",\"description\":\"Weihnachten kann kommen! Nicht nur als ideales pers\u00f6nliches Geschenk eignen sich die geschnitzen Sterne. Sie machen auch den eigenen Christbaum mit diesen 5 Platten (\u00e1 3 Sterne) zu etwas ganz Besonderem. Die rohen Sterne auf den Lindenholzplatten k\u00f6nnen beliebig mit eigenen Muster beschnitzt werden. Diese sind danach einfach aus den Platten herauszul\u00f6sen. F\u00fcr all jene, die noch keine Vorlagen oder den B\u00fcgelstift zum leichten \u00dcbertragen der Muster auf das Holz besitzen, empfehlen wir unsere Weihnachtsstern-Set Angebote. Die bereits fertig geschnitzten Sterne auf der Abbildung dienen als Anschauungsbeispiele und sind nicht in der Lieferung enthalten.\",\"breadcrumb\":{\"@id\":\"https:\\\/\\\/www.franz-stadlhofer.at\\\/shop\\\/produkt\\\/sterne-set-1\\\/#breadcrumb\"},\"inLanguage\":\"de\",\"potentialAction\":[{\"@type\":\"ReadAction\",\"target\":[\"https:\\\/\\\/www.franz-stadlhofer.at\\\/shop\\\/produkt\\\/sterne-set-1\\\/\"]}]},{\"@type\":\"ImageObject\",\"inLanguage\":\"de\",\"@id\":\"https:\\\/\\\/www.franz-stadlhofer.at\\\/shop\\\/produkt\\\/sterne-set-1\\\/#primaryimage\",\"url\":\"https:\\\/\\\/www.franz-stadlhofer.at\\\/shop\\\/wp-content\\\/uploads\\\/2017\\\/12\\\/Sterne-Set-1.jpg\",\"contentUrl\":\"https:\\\/\\\/www.franz-stadlhofer.at\\\/shop\\\/wp-content\\\/uploads\\\/2017\\\/12\\\/Sterne-Set-1.jpg\",\"width\":945,\"height\":945,\"caption\":\"Sterne Set 1\"},{\"@type\":\"BreadcrumbList\",\"@id\":\"https:\\\/\\\/www.franz-stadlhofer.at\\\/shop\\\/produkt\\\/sterne-set-1\\\/#breadcrumb\",\"itemListElement\":[{\"@type\":\"ListItem\",\"position\":1,\"name\":\"Startseite\",\"item\":\"https:\\\/\\\/www.franz-stadlhofer.at\\\/shop\\\/\"},{\"@type\":\"ListItem\",\"position\":2,\"name\":\"Produkte\",\"item\":\"https:\\\/\\\/www.franz-stadlhofer.at\\\/shop\\\/shop\\\/\"},{\"@type\":\"ListItem\",\"position\":3,\"name\":\"Sterne Set 1\"}]},{\"@type\":\"WebSite\",\"@id\":\"https:\\\/\\\/www.franz-stadlhofer.at\\\/shop\\\/#website\",\"url\":\"https:\\\/\\\/www.franz-stadlhofer.at\\\/shop\\\/\",\"name\":\"Schnitzstube Stadlhofer Shop\",\"description\":\"Holzschnitzen Onlineshop\",\"publisher\":{\"@id\":\"https:\\\/\\\/www.franz-stadlhofer.at\\\/shop\\\/#organization\"},\"potentialAction\":[{\"@type\":\"SearchAction\",\"target\":{\"@type\":\"EntryPoint\",\"urlTemplate\":\"https:\\\/\\\/www.franz-stadlhofer.at\\\/shop\\\/?s={search_term_string}\"},\"query-input\":{\"@type\":\"PropertyValueSpecification\",\"valueRequired\":true,\"valueName\":\"search_term_string\"}}],\"inLanguage\":\"de\"},{\"@type\":\"Organization\",\"@id\":\"https:\\\/\\\/www.franz-stadlhofer.at\\\/shop\\\/#organization\",\"name\":\"Schnitzstube Stadlhofer Shop\",\"url\":\"https:\\\/\\\/www.franz-stadlhofer.at\\\/shop\\\/\",\"logo\":{\"@type\":\"ImageObject\",\"inLanguage\":\"de\",\"@id\":\"https:\\\/\\\/www.franz-stadlhofer.at\\\/shop\\\/#\\\/schema\\\/logo\\\/image\\\/\",\"url\":\"https:\\\/\\\/www.franz-stadlhofer.at\\\/shop\\\/wp-content\\\/uploads\\\/2019\\\/10\\\/LOGO-2-RETINA.png\",\"contentUrl\":\"https:\\\/\\\/www.franz-stadlhofer.at\\\/shop\\\/wp-content\\\/uploads\\\/2019\\\/10\\\/LOGO-2-RETINA.png\",\"width\":471,\"height\":160,\"caption\":\"Schnitzstube Stadlhofer Shop\"},\"image\":{\"@id\":\"https:\\\/\\\/www.franz-stadlhofer.at\\\/shop\\\/#\\\/schema\\\/logo\\\/image\\\/\"}}]}<\/script>\n<!-- \/ Yoast SEO plugin. -->","yoast_head_json":{"title":"Sterne Set 1","description":"Weihnachten kann kommen! Nicht nur als ideales pers\u00f6nliches Geschenk eignen sich die geschnitzen Sterne. Sie machen auch den eigenen Christbaum mit diesen 5 Platten (\u00e1 3 Sterne) zu etwas ganz Besonderem. Die rohen Sterne auf den Lindenholzplatten k\u00f6nnen beliebig mit eigenen Muster beschnitzt werden. Diese sind danach einfach aus den Platten herauszul\u00f6sen. F\u00fcr all jene, die noch keine Vorlagen oder den B\u00fcgelstift zum leichten \u00dcbertragen der Muster auf das Holz besitzen, empfehlen wir unsere Weihnachtsstern-Set Angebote. Die bereits fertig geschnitzten Sterne auf der Abbildung dienen als Anschauungsbeispiele und sind nicht in der Lieferung enthalten.","robots":{"index":"index","follow":"follow","max-snippet":"max-snippet:-1","max-image-preview":"max-image-preview:large","max-video-preview":"max-video-preview:-1"},"canonical":"https:\/\/www.franz-stadlhofer.at\/shop\/produkt\/sterne-set-1\/","og_locale":"de_DE","og_type":"article","og_title":"Sterne Set 1","og_description":"Weihnachten kann kommen! Nicht nur als ideales pers\u00f6nliches Geschenk eignen sich die geschnitzen Sterne. Sie machen auch den eigenen Christbaum mit diesen 5 Platten (\u00e1 3 Sterne) zu etwas ganz Besonderem. Die rohen Sterne auf den Lindenholzplatten k\u00f6nnen beliebig mit eigenen Muster beschnitzt werden. Diese sind danach einfach aus den Platten herauszul\u00f6sen. F\u00fcr all jene, die noch keine Vorlagen oder den B\u00fcgelstift zum leichten \u00dcbertragen der Muster auf das Holz besitzen, empfehlen wir unsere Weihnachtsstern-Set Angebote. Die bereits fertig geschnitzten Sterne auf der Abbildung dienen als Anschauungsbeispiele und sind nicht in der Lieferung enthalten.","og_url":"https:\/\/www.franz-stadlhofer.at\/shop\/produkt\/sterne-set-1\/","og_site_name":"Schnitzstube Stadlhofer Shop","article_modified_time":"2025-12-27T15:14:41+00:00","og_image":[{"width":945,"height":945,"url":"https:\/\/www.franz-stadlhofer.at\/shop\/wp-content\/uploads\/2017\/12\/Sterne-Set-1.jpg","type":"image\/jpeg"}],"twitter_card":"summary_large_image","twitter_misc":{"Gesch\u00e4tzte Lesezeit":"1\u00a0Minute"},"schema":{"@context":"https:\/\/schema.org","@graph":[{"@type":"WebPage","@id":"https:\/\/www.franz-stadlhofer.at\/shop\/produkt\/sterne-set-1\/","url":"https:\/\/www.franz-stadlhofer.at\/shop\/produkt\/sterne-set-1\/","name":"Sterne Set 1","isPartOf":{"@id":"https:\/\/www.franz-stadlhofer.at\/shop\/#website"},"primaryImageOfPage":{"@id":"https:\/\/www.franz-stadlhofer.at\/shop\/produkt\/sterne-set-1\/#primaryimage"},"image":{"@id":"https:\/\/www.franz-stadlhofer.at\/shop\/produkt\/sterne-set-1\/#primaryimage"},"thumbnailUrl":"https:\/\/www.franz-stadlhofer.at\/shop\/wp-content\/uploads\/2017\/12\/Sterne-Set-1.jpg","datePublished":"2017-12-03T15:03:45+00:00","dateModified":"2025-12-27T15:14:41+00:00","description":"Weihnachten kann kommen! Nicht nur als ideales pers\u00f6nliches Geschenk eignen sich die geschnitzen Sterne. Sie machen auch den eigenen Christbaum mit diesen 5 Platten (\u00e1 3 Sterne) zu etwas ganz Besonderem. Die rohen Sterne auf den Lindenholzplatten k\u00f6nnen beliebig mit eigenen Muster beschnitzt werden. Diese sind danach einfach aus den Platten herauszul\u00f6sen. F\u00fcr all jene, die noch keine Vorlagen oder den B\u00fcgelstift zum leichten \u00dcbertragen der Muster auf das Holz besitzen, empfehlen wir unsere Weihnachtsstern-Set Angebote. Die bereits fertig geschnitzten Sterne auf der Abbildung dienen als Anschauungsbeispiele und sind nicht in der Lieferung enthalten.","breadcrumb":{"@id":"https:\/\/www.franz-stadlhofer.at\/shop\/produkt\/sterne-set-1\/#breadcrumb"},"inLanguage":"de","potentialAction":[{"@type":"ReadAction","target":["https:\/\/www.franz-stadlhofer.at\/shop\/produkt\/sterne-set-1\/"]}]},{"@type":"ImageObject","inLanguage":"de","@id":"https:\/\/www.franz-stadlhofer.at\/shop\/produkt\/sterne-set-1\/#primaryimage","url":"https:\/\/www.franz-stadlhofer.at\/shop\/wp-content\/uploads\/2017\/12\/Sterne-Set-1.jpg","contentUrl":"https:\/\/www.franz-stadlhofer.at\/shop\/wp-content\/uploads\/2017\/12\/Sterne-Set-1.jpg","width":945,"height":945,"caption":"Sterne Set 1"},{"@type":"BreadcrumbList","@id":"https:\/\/www.franz-stadlhofer.at\/shop\/produkt\/sterne-set-1\/#breadcrumb","itemListElement":[{"@type":"ListItem","position":1,"name":"Startseite","item":"https:\/\/www.franz-stadlhofer.at\/shop\/"},{"@type":"ListItem","position":2,"name":"Produkte","item":"https:\/\/www.franz-stadlhofer.at\/shop\/shop\/"},{"@type":"ListItem","position":3,"name":"Sterne Set 1"}]},{"@type":"WebSite","@id":"https:\/\/www.franz-stadlhofer.at\/shop\/#website","url":"https:\/\/www.franz-stadlhofer.at\/shop\/","name":"Schnitzstube Stadlhofer Shop","description":"Holzschnitzen Onlineshop","publisher":{"@id":"https:\/\/www.franz-stadlhofer.at\/shop\/#organization"},"potentialAction":[{"@type":"SearchAction","target":{"@type":"EntryPoint","urlTemplate":"https:\/\/www.franz-stadlhofer.at\/shop\/?s={search_term_string}"},"query-input":{"@type":"PropertyValueSpecification","valueRequired":true,"valueName":"search_term_string"}}],"inLanguage":"de"},{"@type":"Organization","@id":"https:\/\/www.franz-stadlhofer.at\/shop\/#organization","name":"Schnitzstube Stadlhofer Shop","url":"https:\/\/www.franz-stadlhofer.at\/shop\/","logo":{"@type":"ImageObject","inLanguage":"de","@id":"https:\/\/www.franz-stadlhofer.at\/shop\/#\/schema\/logo\/image\/","url":"https:\/\/www.franz-stadlhofer.at\/shop\/wp-content\/uploads\/2019\/10\/LOGO-2-RETINA.png","contentUrl":"https:\/\/www.franz-stadlhofer.at\/shop\/wp-content\/uploads\/2019\/10\/LOGO-2-RETINA.png","width":471,"height":160,"caption":"Schnitzstube Stadlhofer Shop"},"image":{"@id":"https:\/\/www.franz-stadlhofer.at\/shop\/#\/schema\/logo\/image\/"}}]}},"_links":{"self":[{"href":"https:\/\/www.franz-stadlhofer.at\/shop\/wp-json\/wp\/v2\/product\/22759","targetHints":{"allow":["GET"]}}],"collection":[{"href":"https:\/\/www.franz-stadlhofer.at\/shop\/wp-json\/wp\/v2\/product"}],"about":[{"href":"https:\/\/www.franz-stadlhofer.at\/shop\/wp-json\/wp\/v2\/types\/product"}],"wp:featuredmedia":[{"embeddable":true,"href":"https:\/\/www.franz-stadlhofer.at\/shop\/wp-json\/wp\/v2\/media\/31199"}],"wp:attachment":[{"href":"https:\/\/www.franz-stadlhofer.at\/shop\/wp-json\/wp\/v2\/media?parent=22759"}],"wp:term":[{"taxonomy":"product_brand","embeddable":true,"href":"https:\/\/www.franz-stadlhofer.at\/shop\/wp-json\/wp\/v2\/product_brand?post=22759"},{"taxonomy":"product_cat","embeddable":true,"href":"https:\/\/www.franz-stadlhofer.at\/shop\/wp-json\/wp\/v2\/product_cat?post=22759"},{"taxonomy":"product_tag","embeddable":true,"href":"https:\/\/www.franz-stadlhofer.at\/shop\/wp-json\/wp\/v2\/product_tag?post=22759"}],"curies":[{"name":"wp","href":"https:\/\/api.w.org\/{rel}","templated":true}]}}