{"id":22492,"date":"2024-04-24T18:36:39","date_gmt":"2024-04-24T16:36:39","guid":{"rendered":"https:\/\/www.franz-stadlhofer.at\/shop\/?post_type=product&#038;p=22492"},"modified":"2026-04-27T09:10:28","modified_gmt":"2026-04-27T07:10:28","slug":"aufhaenger","status":"publish","type":"product","link":"https:\/\/www.franz-stadlhofer.at\/shop\/produkt\/aufhaenger\/","title":{"rendered":"Aufh\u00e4nger"},"content":{"rendered":"<p>Diese kleinen praktischen Helfer haben einen Durchmesser von 2 cm und sind die idealen Aufh\u00e4nger f\u00fcr alle Werkst\u00fccke, mit denen Sie Ihre W\u00e4nde schm\u00fccken wollen. Durch die Zacken l\u00e4sst sich das Werkst\u00fcck ganz leicht gerade r\u00fccken.<br \/>\nF\u00fcr die Montage ben\u00f6tigen Sie einen 20 mm breiten Forstnerbohrer.<br \/>\nF\u00fcr Bretter ab 20 mm Dicke empfehlen wir die H\u00f6he 8 mm, f\u00fcr d\u00fcnnere Bretter die flache Variante mit 5 mm H\u00f6he.<\/p>\n","protected":false},"excerpt":{"rendered":"<p>Diese kleinen praktischen Helfer haben einen Durchmesser von 2 cm und sind die idealen Aufh\u00e4nger f\u00fcr alle Werkst\u00fccke, mit denen Sie Ihre W\u00e4nde schm\u00fccken wollen. Durch die Zacken l\u00e4sst sich das Werkst\u00fcck ganz leicht gerade  [&#8230;]<\/p>\n","protected":false},"featured_media":22499,"template":"","meta":[],"product_brand":[803],"product_cat":[772,759,802,1188,790],"product_tag":[],"class_list":{"0":"post-22492","1":"product","2":"type-product","3":"status-publish","4":"has-post-thumbnail","6":"product_brand-schnitzstube-franz-stadlhofer","7":"product_cat-kleinteilsortiment","8":"product_cat-rohes-lindenholz","9":"product_cat-sonstige-kleinteile","10":"product_cat-drum-herum","11":"product_cat-zubehor-holz","12":"pa_hohe-8-mm","13":"pa_hohe-5-mm","14":"pa_verpackungseinheit-1-stuck","15":"pa_verpackungseinheit-10-stuck","16":"pa_verpackungseinheit-20-stuck","17":"pa_verpackungseinheit-100-stuck","19":"first","20":"instock","21":"taxable","22":"shipping-taxable","23":"purchasable","24":"product-type-variable"},"barcode":null,"atum_controlled":true,"out_stock_date":null,"out_stock_threshold":null,"inheritable":true,"stock_on_hold":0,"sold_today":0,"sales_last_days":0,"reserved_stock":0,"customer_returns":0,"warehouse_damage":0,"lost_in_post":0,"other_logs":0,"out_stock_days":0,"lost_sales":0,"update_date":"2026-05-17T00:11:29","atum_locations":[],"atum_stock_status":"instock","restock_status":false,"low_stock_amount":"","sales_update_date":"2026-05-17T00:11:29","calc_backorders":null,"yoast_head":"<!-- This site is optimized with the Yoast SEO plugin v27.5 - https:\/\/yoast.com\/product\/yoast-seo-wordpress\/ -->\n<title>Aufh\u00e4nger<\/title>\n<meta name=\"description\" content=\"Diese kleinen praktischen Helfer haben einen Durchmesser von 2 cm und sind die idealen Aufh\u00e4nger f\u00fcr alle Werkst\u00fccke, mit denen Sie Ihre W\u00e4nde schm\u00fccken wollen. Durch die Zacken l\u00e4sst sich das Werkst\u00fcck ganz leicht gerade r\u00fccken. F\u00fcr die Montage ben\u00f6tigen Sie einen 20 mm breiten Forstnerbohrer.F\u00fcr Bretter ab 20 mm Dicke empfehlen wir die H\u00f6he 8 mm, f\u00fcr d\u00fcnnere Bretter die flache Variante mit 5 mm H\u00f6he.\" \/>\n<meta name=\"robots\" content=\"index, follow, max-snippet:-1, max-image-preview:large, max-video-preview:-1\" \/>\n<link rel=\"canonical\" href=\"https:\/\/www.franz-stadlhofer.at\/shop\/produkt\/aufhaenger\/\" \/>\n<meta property=\"og:locale\" content=\"de_DE\" \/>\n<meta property=\"og:type\" content=\"article\" \/>\n<meta property=\"og:title\" content=\"Aufh\u00e4nger\" \/>\n<meta property=\"og:description\" content=\"Diese kleinen praktischen Helfer haben einen Durchmesser von 2 cm und sind die idealen Aufh\u00e4nger f\u00fcr alle Werkst\u00fccke, mit denen Sie Ihre W\u00e4nde schm\u00fccken wollen. Durch die Zacken l\u00e4sst sich das Werkst\u00fcck ganz leicht gerade r\u00fccken. F\u00fcr die Montage ben\u00f6tigen Sie einen 20 mm breiten Forstnerbohrer.F\u00fcr Bretter ab 20 mm Dicke empfehlen wir die H\u00f6he 8 mm, f\u00fcr d\u00fcnnere Bretter die flache Variante mit 5 mm H\u00f6he.\" \/>\n<meta property=\"og:url\" content=\"https:\/\/www.franz-stadlhofer.at\/shop\/produkt\/aufhaenger\/\" \/>\n<meta property=\"og:site_name\" content=\"Schnitzstube Stadlhofer Shop\" \/>\n<meta property=\"article:modified_time\" content=\"2026-04-27T07:10:28+00:00\" \/>\n<meta property=\"og:image\" content=\"https:\/\/www.franz-stadlhofer.at\/shop\/wp-content\/uploads\/2015\/01\/products-Aufhanger.jpg\" \/>\n\t<meta property=\"og:image:width\" content=\"945\" \/>\n\t<meta property=\"og:image:height\" content=\"945\" \/>\n\t<meta property=\"og:image:type\" content=\"image\/jpeg\" \/>\n<meta name=\"twitter:card\" content=\"summary_large_image\" \/>\n<meta name=\"twitter:label1\" content=\"Gesch\u00e4tzte Lesezeit\" \/>\n\t<meta name=\"twitter:data1\" content=\"1\u00a0Minute\" \/>\n<script type=\"application\/ld+json\" class=\"yoast-schema-graph\">{\"@context\":\"https:\\\/\\\/schema.org\",\"@graph\":[{\"@type\":\"WebPage\",\"@id\":\"https:\\\/\\\/www.franz-stadlhofer.at\\\/shop\\\/produkt\\\/aufhaenger\\\/\",\"url\":\"https:\\\/\\\/www.franz-stadlhofer.at\\\/shop\\\/produkt\\\/aufhaenger\\\/\",\"name\":\"Aufh\u00e4nger\",\"isPartOf\":{\"@id\":\"https:\\\/\\\/www.franz-stadlhofer.at\\\/shop\\\/#website\"},\"primaryImageOfPage\":{\"@id\":\"https:\\\/\\\/www.franz-stadlhofer.at\\\/shop\\\/produkt\\\/aufhaenger\\\/#primaryimage\"},\"image\":{\"@id\":\"https:\\\/\\\/www.franz-stadlhofer.at\\\/shop\\\/produkt\\\/aufhaenger\\\/#primaryimage\"},\"thumbnailUrl\":\"https:\\\/\\\/www.franz-stadlhofer.at\\\/shop\\\/wp-content\\\/uploads\\\/2015\\\/01\\\/products-Aufhanger.jpg\",\"datePublished\":\"2024-04-24T16:36:39+00:00\",\"dateModified\":\"2026-04-27T07:10:28+00:00\",\"description\":\"Diese kleinen praktischen Helfer haben einen Durchmesser von 2 cm und sind die idealen Aufh\u00e4nger f\u00fcr alle Werkst\u00fccke, mit denen Sie Ihre W\u00e4nde schm\u00fccken wollen. Durch die Zacken l\u00e4sst sich das Werkst\u00fcck ganz leicht gerade r\u00fccken. F\u00fcr die Montage ben\u00f6tigen Sie einen 20 mm breiten Forstnerbohrer.F\u00fcr Bretter ab 20 mm Dicke empfehlen wir die H\u00f6he 8 mm, f\u00fcr d\u00fcnnere Bretter die flache Variante mit 5 mm H\u00f6he.\",\"breadcrumb\":{\"@id\":\"https:\\\/\\\/www.franz-stadlhofer.at\\\/shop\\\/produkt\\\/aufhaenger\\\/#breadcrumb\"},\"inLanguage\":\"de\",\"potentialAction\":[{\"@type\":\"ReadAction\",\"target\":[\"https:\\\/\\\/www.franz-stadlhofer.at\\\/shop\\\/produkt\\\/aufhaenger\\\/\"]}]},{\"@type\":\"ImageObject\",\"inLanguage\":\"de\",\"@id\":\"https:\\\/\\\/www.franz-stadlhofer.at\\\/shop\\\/produkt\\\/aufhaenger\\\/#primaryimage\",\"url\":\"https:\\\/\\\/www.franz-stadlhofer.at\\\/shop\\\/wp-content\\\/uploads\\\/2015\\\/01\\\/products-Aufhanger.jpg\",\"contentUrl\":\"https:\\\/\\\/www.franz-stadlhofer.at\\\/shop\\\/wp-content\\\/uploads\\\/2015\\\/01\\\/products-Aufhanger.jpg\",\"width\":\"945\",\"height\":\"945\",\"caption\":\"Aufh\u00e4nger - Schnitzstube Stadlhofer Shop\"},{\"@type\":\"BreadcrumbList\",\"@id\":\"https:\\\/\\\/www.franz-stadlhofer.at\\\/shop\\\/produkt\\\/aufhaenger\\\/#breadcrumb\",\"itemListElement\":[{\"@type\":\"ListItem\",\"position\":1,\"name\":\"Startseite\",\"item\":\"https:\\\/\\\/www.franz-stadlhofer.at\\\/shop\\\/\"},{\"@type\":\"ListItem\",\"position\":2,\"name\":\"Produkte\",\"item\":\"https:\\\/\\\/www.franz-stadlhofer.at\\\/shop\\\/shop\\\/\"},{\"@type\":\"ListItem\",\"position\":3,\"name\":\"Aufh\u00e4nger\"}]},{\"@type\":\"WebSite\",\"@id\":\"https:\\\/\\\/www.franz-stadlhofer.at\\\/shop\\\/#website\",\"url\":\"https:\\\/\\\/www.franz-stadlhofer.at\\\/shop\\\/\",\"name\":\"Schnitzstube Stadlhofer Shop\",\"description\":\"Holzschnitzen Onlineshop\",\"publisher\":{\"@id\":\"https:\\\/\\\/www.franz-stadlhofer.at\\\/shop\\\/#organization\"},\"potentialAction\":[{\"@type\":\"SearchAction\",\"target\":{\"@type\":\"EntryPoint\",\"urlTemplate\":\"https:\\\/\\\/www.franz-stadlhofer.at\\\/shop\\\/?s={search_term_string}\"},\"query-input\":{\"@type\":\"PropertyValueSpecification\",\"valueRequired\":true,\"valueName\":\"search_term_string\"}}],\"inLanguage\":\"de\"},{\"@type\":\"Organization\",\"@id\":\"https:\\\/\\\/www.franz-stadlhofer.at\\\/shop\\\/#organization\",\"name\":\"Schnitzstube Stadlhofer Shop\",\"url\":\"https:\\\/\\\/www.franz-stadlhofer.at\\\/shop\\\/\",\"logo\":{\"@type\":\"ImageObject\",\"inLanguage\":\"de\",\"@id\":\"https:\\\/\\\/www.franz-stadlhofer.at\\\/shop\\\/#\\\/schema\\\/logo\\\/image\\\/\",\"url\":\"https:\\\/\\\/www.franz-stadlhofer.at\\\/shop\\\/wp-content\\\/uploads\\\/2019\\\/10\\\/LOGO-2-RETINA.png\",\"contentUrl\":\"https:\\\/\\\/www.franz-stadlhofer.at\\\/shop\\\/wp-content\\\/uploads\\\/2019\\\/10\\\/LOGO-2-RETINA.png\",\"width\":471,\"height\":160,\"caption\":\"Schnitzstube Stadlhofer Shop\"},\"image\":{\"@id\":\"https:\\\/\\\/www.franz-stadlhofer.at\\\/shop\\\/#\\\/schema\\\/logo\\\/image\\\/\"}}]}<\/script>\n<!-- \/ Yoast SEO plugin. -->","yoast_head_json":{"title":"Aufh\u00e4nger","description":"Diese kleinen praktischen Helfer haben einen Durchmesser von 2 cm und sind die idealen Aufh\u00e4nger f\u00fcr alle Werkst\u00fccke, mit denen Sie Ihre W\u00e4nde schm\u00fccken wollen. Durch die Zacken l\u00e4sst sich das Werkst\u00fcck ganz leicht gerade r\u00fccken. F\u00fcr die Montage ben\u00f6tigen Sie einen 20 mm breiten Forstnerbohrer.F\u00fcr Bretter ab 20 mm Dicke empfehlen wir die H\u00f6he 8 mm, f\u00fcr d\u00fcnnere Bretter die flache Variante mit 5 mm H\u00f6he.","robots":{"index":"index","follow":"follow","max-snippet":"max-snippet:-1","max-image-preview":"max-image-preview:large","max-video-preview":"max-video-preview:-1"},"canonical":"https:\/\/www.franz-stadlhofer.at\/shop\/produkt\/aufhaenger\/","og_locale":"de_DE","og_type":"article","og_title":"Aufh\u00e4nger","og_description":"Diese kleinen praktischen Helfer haben einen Durchmesser von 2 cm und sind die idealen Aufh\u00e4nger f\u00fcr alle Werkst\u00fccke, mit denen Sie Ihre W\u00e4nde schm\u00fccken wollen. Durch die Zacken l\u00e4sst sich das Werkst\u00fcck ganz leicht gerade r\u00fccken. F\u00fcr die Montage ben\u00f6tigen Sie einen 20 mm breiten Forstnerbohrer.F\u00fcr Bretter ab 20 mm Dicke empfehlen wir die H\u00f6he 8 mm, f\u00fcr d\u00fcnnere Bretter die flache Variante mit 5 mm H\u00f6he.","og_url":"https:\/\/www.franz-stadlhofer.at\/shop\/produkt\/aufhaenger\/","og_site_name":"Schnitzstube Stadlhofer Shop","article_modified_time":"2026-04-27T07:10:28+00:00","og_image":[{"width":945,"height":945,"url":"https:\/\/www.franz-stadlhofer.at\/shop\/wp-content\/uploads\/2015\/01\/products-Aufhanger.jpg","type":"image\/jpeg"}],"twitter_card":"summary_large_image","twitter_misc":{"Gesch\u00e4tzte Lesezeit":"1\u00a0Minute"},"schema":{"@context":"https:\/\/schema.org","@graph":[{"@type":"WebPage","@id":"https:\/\/www.franz-stadlhofer.at\/shop\/produkt\/aufhaenger\/","url":"https:\/\/www.franz-stadlhofer.at\/shop\/produkt\/aufhaenger\/","name":"Aufh\u00e4nger","isPartOf":{"@id":"https:\/\/www.franz-stadlhofer.at\/shop\/#website"},"primaryImageOfPage":{"@id":"https:\/\/www.franz-stadlhofer.at\/shop\/produkt\/aufhaenger\/#primaryimage"},"image":{"@id":"https:\/\/www.franz-stadlhofer.at\/shop\/produkt\/aufhaenger\/#primaryimage"},"thumbnailUrl":"https:\/\/www.franz-stadlhofer.at\/shop\/wp-content\/uploads\/2015\/01\/products-Aufhanger.jpg","datePublished":"2024-04-24T16:36:39+00:00","dateModified":"2026-04-27T07:10:28+00:00","description":"Diese kleinen praktischen Helfer haben einen Durchmesser von 2 cm und sind die idealen Aufh\u00e4nger f\u00fcr alle Werkst\u00fccke, mit denen Sie Ihre W\u00e4nde schm\u00fccken wollen. Durch die Zacken l\u00e4sst sich das Werkst\u00fcck ganz leicht gerade r\u00fccken. F\u00fcr die Montage ben\u00f6tigen Sie einen 20 mm breiten Forstnerbohrer.F\u00fcr Bretter ab 20 mm Dicke empfehlen wir die H\u00f6he 8 mm, f\u00fcr d\u00fcnnere Bretter die flache Variante mit 5 mm H\u00f6he.","breadcrumb":{"@id":"https:\/\/www.franz-stadlhofer.at\/shop\/produkt\/aufhaenger\/#breadcrumb"},"inLanguage":"de","potentialAction":[{"@type":"ReadAction","target":["https:\/\/www.franz-stadlhofer.at\/shop\/produkt\/aufhaenger\/"]}]},{"@type":"ImageObject","inLanguage":"de","@id":"https:\/\/www.franz-stadlhofer.at\/shop\/produkt\/aufhaenger\/#primaryimage","url":"https:\/\/www.franz-stadlhofer.at\/shop\/wp-content\/uploads\/2015\/01\/products-Aufhanger.jpg","contentUrl":"https:\/\/www.franz-stadlhofer.at\/shop\/wp-content\/uploads\/2015\/01\/products-Aufhanger.jpg","width":"945","height":"945","caption":"Aufh\u00e4nger - Schnitzstube Stadlhofer Shop"},{"@type":"BreadcrumbList","@id":"https:\/\/www.franz-stadlhofer.at\/shop\/produkt\/aufhaenger\/#breadcrumb","itemListElement":[{"@type":"ListItem","position":1,"name":"Startseite","item":"https:\/\/www.franz-stadlhofer.at\/shop\/"},{"@type":"ListItem","position":2,"name":"Produkte","item":"https:\/\/www.franz-stadlhofer.at\/shop\/shop\/"},{"@type":"ListItem","position":3,"name":"Aufh\u00e4nger"}]},{"@type":"WebSite","@id":"https:\/\/www.franz-stadlhofer.at\/shop\/#website","url":"https:\/\/www.franz-stadlhofer.at\/shop\/","name":"Schnitzstube Stadlhofer Shop","description":"Holzschnitzen Onlineshop","publisher":{"@id":"https:\/\/www.franz-stadlhofer.at\/shop\/#organization"},"potentialAction":[{"@type":"SearchAction","target":{"@type":"EntryPoint","urlTemplate":"https:\/\/www.franz-stadlhofer.at\/shop\/?s={search_term_string}"},"query-input":{"@type":"PropertyValueSpecification","valueRequired":true,"valueName":"search_term_string"}}],"inLanguage":"de"},{"@type":"Organization","@id":"https:\/\/www.franz-stadlhofer.at\/shop\/#organization","name":"Schnitzstube Stadlhofer Shop","url":"https:\/\/www.franz-stadlhofer.at\/shop\/","logo":{"@type":"ImageObject","inLanguage":"de","@id":"https:\/\/www.franz-stadlhofer.at\/shop\/#\/schema\/logo\/image\/","url":"https:\/\/www.franz-stadlhofer.at\/shop\/wp-content\/uploads\/2019\/10\/LOGO-2-RETINA.png","contentUrl":"https:\/\/www.franz-stadlhofer.at\/shop\/wp-content\/uploads\/2019\/10\/LOGO-2-RETINA.png","width":471,"height":160,"caption":"Schnitzstube Stadlhofer Shop"},"image":{"@id":"https:\/\/www.franz-stadlhofer.at\/shop\/#\/schema\/logo\/image\/"}}]}},"_links":{"self":[{"href":"https:\/\/www.franz-stadlhofer.at\/shop\/wp-json\/wp\/v2\/product\/22492","targetHints":{"allow":["GET"]}}],"collection":[{"href":"https:\/\/www.franz-stadlhofer.at\/shop\/wp-json\/wp\/v2\/product"}],"about":[{"href":"https:\/\/www.franz-stadlhofer.at\/shop\/wp-json\/wp\/v2\/types\/product"}],"wp:featuredmedia":[{"embeddable":true,"href":"https:\/\/www.franz-stadlhofer.at\/shop\/wp-json\/wp\/v2\/media\/22499"}],"wp:attachment":[{"href":"https:\/\/www.franz-stadlhofer.at\/shop\/wp-json\/wp\/v2\/media?parent=22492"}],"wp:term":[{"taxonomy":"product_brand","embeddable":true,"href":"https:\/\/www.franz-stadlhofer.at\/shop\/wp-json\/wp\/v2\/product_brand?post=22492"},{"taxonomy":"product_cat","embeddable":true,"href":"https:\/\/www.franz-stadlhofer.at\/shop\/wp-json\/wp\/v2\/product_cat?post=22492"},{"taxonomy":"product_tag","embeddable":true,"href":"https:\/\/www.franz-stadlhofer.at\/shop\/wp-json\/wp\/v2\/product_tag?post=22492"}],"curies":[{"name":"wp","href":"https:\/\/api.w.org\/{rel}","templated":true}]}}