{"id":22438,"date":"2015-01-06T13:37:07","date_gmt":"2015-01-06T12:37:07","guid":{"rendered":"https:\/\/www.franz-stadlhofer.at\/shop\/?post_type=product&#038;p=22438"},"modified":"2026-04-02T09:56:25","modified_gmt":"2026-04-02T07:56:25","slug":"stahlwolle","status":"publish","type":"product","link":"https:\/\/www.franz-stadlhofer.at\/shop\/produkt\/stahlwolle\/","title":{"rendered":"Stahlwolle"},"content":{"rendered":"<p>Stahlwolle besteht aus gekr\u00e4uselten Stahlfasern, die zum Reinigen, Schleifen und Polieren eingesetzt wird. Sie wird nach Feinheitsgraden klassifiziert. Die feinsten Fasern haben auf dieser Skala die Nr. 0000, die gr\u00f6bsten die Nr. 5. Wir verwenden f\u00fcr unsere Arbeiten die Nr. 1<\/p>\n<p>Stahlwolle ist sehr rei\u00dffest und elastisch. Wir verwenden sie daher zum Bearbeiten unserer Holzoberfl\u00e4chen, da die Stahlfasern die Oberfl\u00e4chengeometrie fein polieren und nicht planschleifen wie z.B. Schleifpapiere und Schleifvliese.<\/p>\n<p>Preis pro Laufmeter<\/p>\n","protected":false},"excerpt":{"rendered":"<p>Stahlwolle besteht aus gekr\u00e4uselten Stahlfasern, die zum Reinigen, Schleifen und Polieren eingesetzt wird. Sie wird nach Feinheitsgraden klassifiziert. Die feinsten Fasern haben auf dieser Skala die Nr. 0000, die gr\u00f6bsten die Nr. 5. Wir verwenden  [&#8230;]<\/p>\n","protected":false},"featured_media":22440,"template":"","meta":[],"product_brand":[803],"product_cat":[791,1223,1188],"product_tag":[],"class_list":{"0":"post-22438","1":"product","2":"type-product","3":"status-publish","4":"has-post-thumbnail","6":"product_brand-schnitzstube-franz-stadlhofer","7":"product_cat-oberflachenbehandlung","8":"product_cat-heiss-begehrt","9":"product_cat-drum-herum","11":"first","12":"instock","13":"taxable","14":"shipping-taxable","15":"purchasable","16":"product-type-simple"},"barcode":null,"atum_controlled":true,"out_stock_date":null,"out_stock_threshold":null,"inheritable":false,"stock_on_hold":0,"sold_today":0,"sales_last_days":0,"reserved_stock":0,"customer_returns":0,"warehouse_damage":0,"lost_in_post":0,"other_logs":0,"out_stock_days":0,"lost_sales":0,"update_date":"2026-05-02T00:02:40","atum_locations":[],"atum_stock_status":"instock","restock_status":false,"low_stock_amount":"","sales_update_date":"2026-05-02T00:02:40","calc_backorders":null,"yoast_head":"<!-- This site is optimized with the Yoast SEO plugin v27.4 - https:\/\/yoast.com\/product\/yoast-seo-wordpress\/ -->\n<title>Stahlwolle<\/title>\n<meta name=\"description\" content=\"Stahlwolle besteht aus gekr\u00e4uselten Stahlfasern, die zum Reinigen, Schleifen und Polieren eingesetzt wird. Sie wird nach Feinheitsgraden klassifiziert. Die feinsten Fasern haben auf dieser Skala die Nr. 0000, die gr\u00f6bsten die Nr. 5. Wir verwenden f\u00fcr unsere Arbeiten die Nr. 1 Stahlwolle ist sehr rei\u00dffest und elastisch. Wir verwenden sie daher zum Bearbeiten unserer Holzoberfl\u00e4chen, da die Stahlfasern die Oberfl\u00e4chengeometrie fein polieren und nicht planschleifen wie z.B. Schleifpapiere und Schleifvliese.\u00a0 Preis pro Laufmeter\" \/>\n<meta name=\"robots\" content=\"index, follow, max-snippet:-1, max-image-preview:large, max-video-preview:-1\" \/>\n<link rel=\"canonical\" href=\"https:\/\/www.franz-stadlhofer.at\/shop\/produkt\/stahlwolle\/\" \/>\n<meta property=\"og:locale\" content=\"de_DE\" \/>\n<meta property=\"og:type\" content=\"article\" \/>\n<meta property=\"og:title\" content=\"Stahlwolle\" \/>\n<meta property=\"og:description\" content=\"Stahlwolle besteht aus gekr\u00e4uselten Stahlfasern, die zum Reinigen, Schleifen und Polieren eingesetzt wird. Sie wird nach Feinheitsgraden klassifiziert. Die feinsten Fasern haben auf dieser Skala die Nr. 0000, die gr\u00f6bsten die Nr. 5. Wir verwenden f\u00fcr unsere Arbeiten die Nr. 1 Stahlwolle ist sehr rei\u00dffest und elastisch. Wir verwenden sie daher zum Bearbeiten unserer Holzoberfl\u00e4chen, da die Stahlfasern die Oberfl\u00e4chengeometrie fein polieren und nicht planschleifen wie z.B. Schleifpapiere und Schleifvliese.\u00a0 Preis pro Laufmeter\" \/>\n<meta property=\"og:url\" content=\"https:\/\/www.franz-stadlhofer.at\/shop\/produkt\/stahlwolle\/\" \/>\n<meta property=\"og:site_name\" content=\"Schnitzstube Stadlhofer Shop\" \/>\n<meta property=\"article:modified_time\" content=\"2026-04-02T07:56:25+00:00\" \/>\n<meta property=\"og:image\" content=\"https:\/\/www.franz-stadlhofer.at\/shop\/wp-content\/uploads\/2015\/01\/products-Stahlwolle_2.jpg\" \/>\n\t<meta property=\"og:image:width\" content=\"945\" \/>\n\t<meta property=\"og:image:height\" content=\"945\" \/>\n\t<meta property=\"og:image:type\" content=\"image\/jpeg\" \/>\n<meta name=\"twitter:card\" content=\"summary_large_image\" \/>\n<script type=\"application\/ld+json\" class=\"yoast-schema-graph\">{\"@context\":\"https:\\\/\\\/schema.org\",\"@graph\":[{\"@type\":\"WebPage\",\"@id\":\"https:\\\/\\\/www.franz-stadlhofer.at\\\/shop\\\/produkt\\\/stahlwolle\\\/\",\"url\":\"https:\\\/\\\/www.franz-stadlhofer.at\\\/shop\\\/produkt\\\/stahlwolle\\\/\",\"name\":\"Stahlwolle\",\"isPartOf\":{\"@id\":\"https:\\\/\\\/www.franz-stadlhofer.at\\\/shop\\\/#website\"},\"primaryImageOfPage\":{\"@id\":\"https:\\\/\\\/www.franz-stadlhofer.at\\\/shop\\\/produkt\\\/stahlwolle\\\/#primaryimage\"},\"image\":{\"@id\":\"https:\\\/\\\/www.franz-stadlhofer.at\\\/shop\\\/produkt\\\/stahlwolle\\\/#primaryimage\"},\"thumbnailUrl\":\"https:\\\/\\\/www.franz-stadlhofer.at\\\/shop\\\/wp-content\\\/uploads\\\/2015\\\/01\\\/products-Stahlwolle_2.jpg\",\"datePublished\":\"2015-01-06T12:37:07+00:00\",\"dateModified\":\"2026-04-02T07:56:25+00:00\",\"description\":\"Stahlwolle besteht aus gekr\u00e4uselten Stahlfasern, die zum Reinigen, Schleifen und Polieren eingesetzt wird. Sie wird nach Feinheitsgraden klassifiziert. Die feinsten Fasern haben auf dieser Skala die Nr. 0000, die gr\u00f6bsten die Nr. 5. Wir verwenden f\u00fcr unsere Arbeiten die Nr. 1 Stahlwolle ist sehr rei\u00dffest und elastisch. Wir verwenden sie daher zum Bearbeiten unserer Holzoberfl\u00e4chen, da die Stahlfasern die Oberfl\u00e4chengeometrie fein polieren und nicht planschleifen wie z.B. Schleifpapiere und Schleifvliese.\u00a0 Preis pro Laufmeter\",\"breadcrumb\":{\"@id\":\"https:\\\/\\\/www.franz-stadlhofer.at\\\/shop\\\/produkt\\\/stahlwolle\\\/#breadcrumb\"},\"inLanguage\":\"de\",\"potentialAction\":[{\"@type\":\"ReadAction\",\"target\":[\"https:\\\/\\\/www.franz-stadlhofer.at\\\/shop\\\/produkt\\\/stahlwolle\\\/\"]}]},{\"@type\":\"ImageObject\",\"inLanguage\":\"de\",\"@id\":\"https:\\\/\\\/www.franz-stadlhofer.at\\\/shop\\\/produkt\\\/stahlwolle\\\/#primaryimage\",\"url\":\"https:\\\/\\\/www.franz-stadlhofer.at\\\/shop\\\/wp-content\\\/uploads\\\/2015\\\/01\\\/products-Stahlwolle_2.jpg\",\"contentUrl\":\"https:\\\/\\\/www.franz-stadlhofer.at\\\/shop\\\/wp-content\\\/uploads\\\/2015\\\/01\\\/products-Stahlwolle_2.jpg\",\"width\":\"945\",\"height\":\"945\",\"caption\":\"Stahlwolle - Schnitzstube Stadlhofer Shop\"},{\"@type\":\"BreadcrumbList\",\"@id\":\"https:\\\/\\\/www.franz-stadlhofer.at\\\/shop\\\/produkt\\\/stahlwolle\\\/#breadcrumb\",\"itemListElement\":[{\"@type\":\"ListItem\",\"position\":1,\"name\":\"Startseite\",\"item\":\"https:\\\/\\\/www.franz-stadlhofer.at\\\/shop\\\/\"},{\"@type\":\"ListItem\",\"position\":2,\"name\":\"Produkte\",\"item\":\"https:\\\/\\\/www.franz-stadlhofer.at\\\/shop\\\/shop\\\/\"},{\"@type\":\"ListItem\",\"position\":3,\"name\":\"Stahlwolle\"}]},{\"@type\":\"WebSite\",\"@id\":\"https:\\\/\\\/www.franz-stadlhofer.at\\\/shop\\\/#website\",\"url\":\"https:\\\/\\\/www.franz-stadlhofer.at\\\/shop\\\/\",\"name\":\"Schnitzstube Stadlhofer Shop\",\"description\":\"Holzschnitzen Onlineshop\",\"publisher\":{\"@id\":\"https:\\\/\\\/www.franz-stadlhofer.at\\\/shop\\\/#organization\"},\"potentialAction\":[{\"@type\":\"SearchAction\",\"target\":{\"@type\":\"EntryPoint\",\"urlTemplate\":\"https:\\\/\\\/www.franz-stadlhofer.at\\\/shop\\\/?s={search_term_string}\"},\"query-input\":{\"@type\":\"PropertyValueSpecification\",\"valueRequired\":true,\"valueName\":\"search_term_string\"}}],\"inLanguage\":\"de\"},{\"@type\":\"Organization\",\"@id\":\"https:\\\/\\\/www.franz-stadlhofer.at\\\/shop\\\/#organization\",\"name\":\"Schnitzstube Stadlhofer Shop\",\"url\":\"https:\\\/\\\/www.franz-stadlhofer.at\\\/shop\\\/\",\"logo\":{\"@type\":\"ImageObject\",\"inLanguage\":\"de\",\"@id\":\"https:\\\/\\\/www.franz-stadlhofer.at\\\/shop\\\/#\\\/schema\\\/logo\\\/image\\\/\",\"url\":\"https:\\\/\\\/www.franz-stadlhofer.at\\\/shop\\\/wp-content\\\/uploads\\\/2019\\\/10\\\/LOGO-2-RETINA.png\",\"contentUrl\":\"https:\\\/\\\/www.franz-stadlhofer.at\\\/shop\\\/wp-content\\\/uploads\\\/2019\\\/10\\\/LOGO-2-RETINA.png\",\"width\":471,\"height\":160,\"caption\":\"Schnitzstube Stadlhofer Shop\"},\"image\":{\"@id\":\"https:\\\/\\\/www.franz-stadlhofer.at\\\/shop\\\/#\\\/schema\\\/logo\\\/image\\\/\"}}]}<\/script>\n<!-- \/ Yoast SEO plugin. -->","yoast_head_json":{"title":"Stahlwolle","description":"Stahlwolle besteht aus gekr\u00e4uselten Stahlfasern, die zum Reinigen, Schleifen und Polieren eingesetzt wird. Sie wird nach Feinheitsgraden klassifiziert. Die feinsten Fasern haben auf dieser Skala die Nr. 0000, die gr\u00f6bsten die Nr. 5. Wir verwenden f\u00fcr unsere Arbeiten die Nr. 1 Stahlwolle ist sehr rei\u00dffest und elastisch. Wir verwenden sie daher zum Bearbeiten unserer Holzoberfl\u00e4chen, da die Stahlfasern die Oberfl\u00e4chengeometrie fein polieren und nicht planschleifen wie z.B. Schleifpapiere und Schleifvliese.\u00a0 Preis pro Laufmeter","robots":{"index":"index","follow":"follow","max-snippet":"max-snippet:-1","max-image-preview":"max-image-preview:large","max-video-preview":"max-video-preview:-1"},"canonical":"https:\/\/www.franz-stadlhofer.at\/shop\/produkt\/stahlwolle\/","og_locale":"de_DE","og_type":"article","og_title":"Stahlwolle","og_description":"Stahlwolle besteht aus gekr\u00e4uselten Stahlfasern, die zum Reinigen, Schleifen und Polieren eingesetzt wird. Sie wird nach Feinheitsgraden klassifiziert. Die feinsten Fasern haben auf dieser Skala die Nr. 0000, die gr\u00f6bsten die Nr. 5. Wir verwenden f\u00fcr unsere Arbeiten die Nr. 1 Stahlwolle ist sehr rei\u00dffest und elastisch. Wir verwenden sie daher zum Bearbeiten unserer Holzoberfl\u00e4chen, da die Stahlfasern die Oberfl\u00e4chengeometrie fein polieren und nicht planschleifen wie z.B. Schleifpapiere und Schleifvliese.\u00a0 Preis pro Laufmeter","og_url":"https:\/\/www.franz-stadlhofer.at\/shop\/produkt\/stahlwolle\/","og_site_name":"Schnitzstube Stadlhofer Shop","article_modified_time":"2026-04-02T07:56:25+00:00","og_image":[{"width":945,"height":945,"url":"https:\/\/www.franz-stadlhofer.at\/shop\/wp-content\/uploads\/2015\/01\/products-Stahlwolle_2.jpg","type":"image\/jpeg"}],"twitter_card":"summary_large_image","schema":{"@context":"https:\/\/schema.org","@graph":[{"@type":"WebPage","@id":"https:\/\/www.franz-stadlhofer.at\/shop\/produkt\/stahlwolle\/","url":"https:\/\/www.franz-stadlhofer.at\/shop\/produkt\/stahlwolle\/","name":"Stahlwolle","isPartOf":{"@id":"https:\/\/www.franz-stadlhofer.at\/shop\/#website"},"primaryImageOfPage":{"@id":"https:\/\/www.franz-stadlhofer.at\/shop\/produkt\/stahlwolle\/#primaryimage"},"image":{"@id":"https:\/\/www.franz-stadlhofer.at\/shop\/produkt\/stahlwolle\/#primaryimage"},"thumbnailUrl":"https:\/\/www.franz-stadlhofer.at\/shop\/wp-content\/uploads\/2015\/01\/products-Stahlwolle_2.jpg","datePublished":"2015-01-06T12:37:07+00:00","dateModified":"2026-04-02T07:56:25+00:00","description":"Stahlwolle besteht aus gekr\u00e4uselten Stahlfasern, die zum Reinigen, Schleifen und Polieren eingesetzt wird. Sie wird nach Feinheitsgraden klassifiziert. Die feinsten Fasern haben auf dieser Skala die Nr. 0000, die gr\u00f6bsten die Nr. 5. Wir verwenden f\u00fcr unsere Arbeiten die Nr. 1 Stahlwolle ist sehr rei\u00dffest und elastisch. Wir verwenden sie daher zum Bearbeiten unserer Holzoberfl\u00e4chen, da die Stahlfasern die Oberfl\u00e4chengeometrie fein polieren und nicht planschleifen wie z.B. Schleifpapiere und Schleifvliese.\u00a0 Preis pro Laufmeter","breadcrumb":{"@id":"https:\/\/www.franz-stadlhofer.at\/shop\/produkt\/stahlwolle\/#breadcrumb"},"inLanguage":"de","potentialAction":[{"@type":"ReadAction","target":["https:\/\/www.franz-stadlhofer.at\/shop\/produkt\/stahlwolle\/"]}]},{"@type":"ImageObject","inLanguage":"de","@id":"https:\/\/www.franz-stadlhofer.at\/shop\/produkt\/stahlwolle\/#primaryimage","url":"https:\/\/www.franz-stadlhofer.at\/shop\/wp-content\/uploads\/2015\/01\/products-Stahlwolle_2.jpg","contentUrl":"https:\/\/www.franz-stadlhofer.at\/shop\/wp-content\/uploads\/2015\/01\/products-Stahlwolle_2.jpg","width":"945","height":"945","caption":"Stahlwolle - Schnitzstube Stadlhofer Shop"},{"@type":"BreadcrumbList","@id":"https:\/\/www.franz-stadlhofer.at\/shop\/produkt\/stahlwolle\/#breadcrumb","itemListElement":[{"@type":"ListItem","position":1,"name":"Startseite","item":"https:\/\/www.franz-stadlhofer.at\/shop\/"},{"@type":"ListItem","position":2,"name":"Produkte","item":"https:\/\/www.franz-stadlhofer.at\/shop\/shop\/"},{"@type":"ListItem","position":3,"name":"Stahlwolle"}]},{"@type":"WebSite","@id":"https:\/\/www.franz-stadlhofer.at\/shop\/#website","url":"https:\/\/www.franz-stadlhofer.at\/shop\/","name":"Schnitzstube Stadlhofer Shop","description":"Holzschnitzen Onlineshop","publisher":{"@id":"https:\/\/www.franz-stadlhofer.at\/shop\/#organization"},"potentialAction":[{"@type":"SearchAction","target":{"@type":"EntryPoint","urlTemplate":"https:\/\/www.franz-stadlhofer.at\/shop\/?s={search_term_string}"},"query-input":{"@type":"PropertyValueSpecification","valueRequired":true,"valueName":"search_term_string"}}],"inLanguage":"de"},{"@type":"Organization","@id":"https:\/\/www.franz-stadlhofer.at\/shop\/#organization","name":"Schnitzstube Stadlhofer Shop","url":"https:\/\/www.franz-stadlhofer.at\/shop\/","logo":{"@type":"ImageObject","inLanguage":"de","@id":"https:\/\/www.franz-stadlhofer.at\/shop\/#\/schema\/logo\/image\/","url":"https:\/\/www.franz-stadlhofer.at\/shop\/wp-content\/uploads\/2019\/10\/LOGO-2-RETINA.png","contentUrl":"https:\/\/www.franz-stadlhofer.at\/shop\/wp-content\/uploads\/2019\/10\/LOGO-2-RETINA.png","width":471,"height":160,"caption":"Schnitzstube Stadlhofer Shop"},"image":{"@id":"https:\/\/www.franz-stadlhofer.at\/shop\/#\/schema\/logo\/image\/"}}]}},"_links":{"self":[{"href":"https:\/\/www.franz-stadlhofer.at\/shop\/wp-json\/wp\/v2\/product\/22438","targetHints":{"allow":["GET"]}}],"collection":[{"href":"https:\/\/www.franz-stadlhofer.at\/shop\/wp-json\/wp\/v2\/product"}],"about":[{"href":"https:\/\/www.franz-stadlhofer.at\/shop\/wp-json\/wp\/v2\/types\/product"}],"wp:featuredmedia":[{"embeddable":true,"href":"https:\/\/www.franz-stadlhofer.at\/shop\/wp-json\/wp\/v2\/media\/22440"}],"wp:attachment":[{"href":"https:\/\/www.franz-stadlhofer.at\/shop\/wp-json\/wp\/v2\/media?parent=22438"}],"wp:term":[{"taxonomy":"product_brand","embeddable":true,"href":"https:\/\/www.franz-stadlhofer.at\/shop\/wp-json\/wp\/v2\/product_brand?post=22438"},{"taxonomy":"product_cat","embeddable":true,"href":"https:\/\/www.franz-stadlhofer.at\/shop\/wp-json\/wp\/v2\/product_cat?post=22438"},{"taxonomy":"product_tag","embeddable":true,"href":"https:\/\/www.franz-stadlhofer.at\/shop\/wp-json\/wp\/v2\/product_tag?post=22438"}],"curies":[{"name":"wp","href":"https:\/\/api.w.org\/{rel}","templated":true}]}}