{"id":22429,"date":"2015-01-06T11:46:44","date_gmt":"2015-01-06T10:46:44","guid":{"rendered":"https:\/\/www.franz-stadlhofer.at\/shop\/?post_type=product&#038;p=22429"},"modified":"2026-04-10T10:48:27","modified_gmt":"2026-04-10T08:48:27","slug":"holzschutzwachs-hu-005","status":"publish","type":"product","link":"https:\/\/www.franz-stadlhofer.at\/shop\/produkt\/holzschutzwachs-hu-005\/","title":{"rendered":"Holzschutzwachs HU 005"},"content":{"rendered":"<div class=\"fusion-fullwidth fullwidth-box fusion-builder-row-1 fusion-flex-container nonhundred-percent-fullwidth non-hundred-percent-height-scrolling\" style=\"--awb-border-radius-top-left:0px;--awb-border-radius-top-right:0px;--awb-border-radius-bottom-right:0px;--awb-border-radius-bottom-left:0px;--awb-flex-wrap:wrap;\" ><div class=\"fusion-builder-row fusion-row fusion-flex-align-items-flex-start fusion-flex-content-wrap\" style=\"max-width:1216.8px;margin-left: calc(-4% \/ 2 );margin-right: calc(-4% \/ 2 );\"><div class=\"fusion-layout-column fusion_builder_column fusion-builder-column-0 fusion_builder_column_1_1 1_1 fusion-flex-column\" style=\"--awb-bg-size:cover;--awb-width-large:100%;--awb-margin-top-large:0px;--awb-spacing-right-large:1.92%;--awb-margin-bottom-large:0px;--awb-spacing-left-large:1.92%;--awb-width-medium:100%;--awb-spacing-right-medium:1.92%;--awb-spacing-left-medium:1.92%;--awb-width-small:100%;--awb-spacing-right-small:1.92%;--awb-spacing-left-small:1.92%;\"><div class=\"fusion-column-wrapper fusion-flex-justify-content-flex-start fusion-content-layout-column\"><div class=\"fusion-text fusion-text-1\"><p>Hochwertige nicht schichtbildende Holzveredelung nach neuesten Erkenntnissen der nat\u00fcrlichen Oberfl\u00e4chenbeschichtung auf Basis von naturnahen Rohstoffen.<br \/>\nEs ist auf Basis von pflanzlichen \u00d6len und Fetts\u00e4uren, Balsamharzen, Carnaubawachs, Candelillawachs (DAB Qualit\u00e4t) gel\u00f6st in Isoparaffin und Naturterpene.<br \/>\nDie nat\u00fcrlichen Eigenschaften, wie Atmungsaktivit\u00e4t, Offenporigkeit, Diffusionsf\u00e4higkeit, bleiben voll erhalten.<\/p>\n<p>Mind. 1 Jahr bei Normaltemperatur im unge\u00f6ffneten Originalgebinde lagerf\u00e4hig.<\/p>\n<p><strong>Eigenschaften:<\/strong> ungiftig, antistatisch, speichelecht, schwei\u00dfecht, wasserfest, keine Selbstentz\u00fcndung, gepr\u00fcft nach EN71\/T3<\/p>\n<\/div><\/div><\/div><\/div><\/div>\n","protected":false},"excerpt":{"rendered":"","protected":false},"featured_media":22432,"template":"","meta":[],"product_brand":[808],"product_cat":[791,1223,1188],"product_tag":[1015,1016],"class_list":{"0":"post-22429","1":"product","2":"type-product","3":"status-publish","4":"has-post-thumbnail","6":"product_brand-complex","7":"product_cat-oberflachenbehandlung","8":"product_cat-heiss-begehrt","9":"product_cat-drum-herum","10":"product_tag-holzschutz","11":"product_tag-wachs","12":"pa_gebinde-0-25-liter","13":"pa_gebinde-1-liter","15":"first","16":"instock","17":"taxable","18":"shipping-taxable","19":"purchasable","20":"product-type-variable"},"barcode":null,"atum_controlled":true,"out_stock_date":null,"out_stock_threshold":null,"inheritable":true,"stock_on_hold":0,"sold_today":0,"sales_last_days":0,"reserved_stock":0,"customer_returns":0,"warehouse_damage":0,"lost_in_post":0,"other_logs":0,"out_stock_days":0,"lost_sales":0,"update_date":"2026-05-17T00:11:21","atum_locations":[],"atum_stock_status":"instock","restock_status":false,"low_stock_amount":"","sales_update_date":"2026-05-17T00:11:21","calc_backorders":null,"yoast_head":"<!-- This site is optimized with the Yoast SEO plugin v27.5 - https:\/\/yoast.com\/product\/yoast-seo-wordpress\/ -->\n<title>Holzschutzwachs HU 005<\/title>\n<meta name=\"description\" content=\"Hochwertige nicht schichtbildende Holzveredelung nach neuesten Erkenntnissen der nat\u00fcrlichen Oberfl\u00e4chenbeschichtung auf Basis von naturnahen Rohstoffen.Es ist auf Basis von pflanzlichen \u00d6len und Fetts\u00e4uren, Balsamharzen, Carnaubawachs, Candelillawachs (DAB Qualit\u00e4t) gel\u00f6st in Isoparaffin und Naturterpene. Die nat\u00fcrlichen Eigenschaften, wie Atmungsaktivit\u00e4t, Offenporigkeit, Diffusionsf\u00e4higkeit, bleiben voll erhalten. Mind. 1 Jahr bei Normaltemperatur im unge\u00f6ffneten Originalgebinde lagerf\u00e4hig. Eigenschaften: ungiftig, antistatisch, speichelecht, schwei\u00dfecht, wasserfest, keine Selbstentz\u00fcndung, gepr\u00fcft nach EN71\/T3\" \/>\n<meta name=\"robots\" content=\"index, follow, max-snippet:-1, max-image-preview:large, max-video-preview:-1\" \/>\n<link rel=\"canonical\" href=\"https:\/\/www.franz-stadlhofer.at\/shop\/produkt\/holzschutzwachs-hu-005\/\" \/>\n<meta property=\"og:locale\" content=\"de_DE\" \/>\n<meta property=\"og:type\" content=\"article\" \/>\n<meta property=\"og:title\" content=\"Holzschutzwachs HU 005\" \/>\n<meta property=\"og:description\" content=\"Hochwertige nicht schichtbildende Holzveredelung nach neuesten Erkenntnissen der nat\u00fcrlichen Oberfl\u00e4chenbeschichtung auf Basis von naturnahen Rohstoffen.Es ist auf Basis von pflanzlichen \u00d6len und Fetts\u00e4uren, Balsamharzen, Carnaubawachs, Candelillawachs (DAB Qualit\u00e4t) gel\u00f6st in Isoparaffin und Naturterpene. Die nat\u00fcrlichen Eigenschaften, wie Atmungsaktivit\u00e4t, Offenporigkeit, Diffusionsf\u00e4higkeit, bleiben voll erhalten. Mind. 1 Jahr bei Normaltemperatur im unge\u00f6ffneten Originalgebinde lagerf\u00e4hig. Eigenschaften: ungiftig, antistatisch, speichelecht, schwei\u00dfecht, wasserfest, keine Selbstentz\u00fcndung, gepr\u00fcft nach EN71\/T3\" \/>\n<meta property=\"og:url\" content=\"https:\/\/www.franz-stadlhofer.at\/shop\/produkt\/holzschutzwachs-hu-005\/\" \/>\n<meta property=\"og:site_name\" content=\"Schnitzstube Stadlhofer Shop\" \/>\n<meta property=\"article:modified_time\" content=\"2026-04-10T08:48:27+00:00\" \/>\n<meta property=\"og:image\" content=\"https:\/\/www.franz-stadlhofer.at\/shop\/wp-content\/uploads\/2015\/01\/products-Complex_Wachs_HU_005.jpg\" \/>\n\t<meta property=\"og:image:width\" content=\"945\" \/>\n\t<meta property=\"og:image:height\" content=\"945\" \/>\n\t<meta property=\"og:image:type\" content=\"image\/jpeg\" \/>\n<meta name=\"twitter:card\" content=\"summary_large_image\" \/>\n<meta name=\"twitter:label1\" content=\"Gesch\u00e4tzte Lesezeit\" \/>\n\t<meta name=\"twitter:data1\" content=\"1\u00a0Minute\" \/>\n<script type=\"application\/ld+json\" class=\"yoast-schema-graph\">{\"@context\":\"https:\\\/\\\/schema.org\",\"@graph\":[{\"@type\":\"WebPage\",\"@id\":\"https:\\\/\\\/www.franz-stadlhofer.at\\\/shop\\\/produkt\\\/holzschutzwachs-hu-005\\\/\",\"url\":\"https:\\\/\\\/www.franz-stadlhofer.at\\\/shop\\\/produkt\\\/holzschutzwachs-hu-005\\\/\",\"name\":\"Holzschutzwachs HU 005\",\"isPartOf\":{\"@id\":\"https:\\\/\\\/www.franz-stadlhofer.at\\\/shop\\\/#website\"},\"primaryImageOfPage\":{\"@id\":\"https:\\\/\\\/www.franz-stadlhofer.at\\\/shop\\\/produkt\\\/holzschutzwachs-hu-005\\\/#primaryimage\"},\"image\":{\"@id\":\"https:\\\/\\\/www.franz-stadlhofer.at\\\/shop\\\/produkt\\\/holzschutzwachs-hu-005\\\/#primaryimage\"},\"thumbnailUrl\":\"https:\\\/\\\/www.franz-stadlhofer.at\\\/shop\\\/wp-content\\\/uploads\\\/2015\\\/01\\\/products-Complex_Wachs_HU_005.jpg\",\"datePublished\":\"2015-01-06T10:46:44+00:00\",\"dateModified\":\"2026-04-10T08:48:27+00:00\",\"description\":\"Hochwertige nicht schichtbildende Holzveredelung nach neuesten Erkenntnissen der nat\u00fcrlichen Oberfl\u00e4chenbeschichtung auf Basis von naturnahen Rohstoffen.Es ist auf Basis von pflanzlichen \u00d6len und Fetts\u00e4uren, Balsamharzen, Carnaubawachs, Candelillawachs (DAB Qualit\u00e4t) gel\u00f6st in Isoparaffin und Naturterpene. Die nat\u00fcrlichen Eigenschaften, wie Atmungsaktivit\u00e4t, Offenporigkeit, Diffusionsf\u00e4higkeit, bleiben voll erhalten. Mind. 1 Jahr bei Normaltemperatur im unge\u00f6ffneten Originalgebinde lagerf\u00e4hig. Eigenschaften: ungiftig, antistatisch, speichelecht, schwei\u00dfecht, wasserfest, keine Selbstentz\u00fcndung, gepr\u00fcft nach EN71\\\/T3\",\"breadcrumb\":{\"@id\":\"https:\\\/\\\/www.franz-stadlhofer.at\\\/shop\\\/produkt\\\/holzschutzwachs-hu-005\\\/#breadcrumb\"},\"inLanguage\":\"de\",\"potentialAction\":[{\"@type\":\"ReadAction\",\"target\":[\"https:\\\/\\\/www.franz-stadlhofer.at\\\/shop\\\/produkt\\\/holzschutzwachs-hu-005\\\/\"]}]},{\"@type\":\"ImageObject\",\"inLanguage\":\"de\",\"@id\":\"https:\\\/\\\/www.franz-stadlhofer.at\\\/shop\\\/produkt\\\/holzschutzwachs-hu-005\\\/#primaryimage\",\"url\":\"https:\\\/\\\/www.franz-stadlhofer.at\\\/shop\\\/wp-content\\\/uploads\\\/2015\\\/01\\\/products-Complex_Wachs_HU_005.jpg\",\"contentUrl\":\"https:\\\/\\\/www.franz-stadlhofer.at\\\/shop\\\/wp-content\\\/uploads\\\/2015\\\/01\\\/products-Complex_Wachs_HU_005.jpg\",\"width\":\"945\",\"height\":\"945\",\"caption\":\"Holzschutzwachs HU 005 - Schnitzstube Stadlhofer Shop\"},{\"@type\":\"BreadcrumbList\",\"@id\":\"https:\\\/\\\/www.franz-stadlhofer.at\\\/shop\\\/produkt\\\/holzschutzwachs-hu-005\\\/#breadcrumb\",\"itemListElement\":[{\"@type\":\"ListItem\",\"position\":1,\"name\":\"Startseite\",\"item\":\"https:\\\/\\\/www.franz-stadlhofer.at\\\/shop\\\/\"},{\"@type\":\"ListItem\",\"position\":2,\"name\":\"Produkte\",\"item\":\"https:\\\/\\\/www.franz-stadlhofer.at\\\/shop\\\/shop\\\/\"},{\"@type\":\"ListItem\",\"position\":3,\"name\":\"Holzschutzwachs HU 005\"}]},{\"@type\":\"WebSite\",\"@id\":\"https:\\\/\\\/www.franz-stadlhofer.at\\\/shop\\\/#website\",\"url\":\"https:\\\/\\\/www.franz-stadlhofer.at\\\/shop\\\/\",\"name\":\"Schnitzstube Stadlhofer Shop\",\"description\":\"Holzschnitzen Onlineshop\",\"publisher\":{\"@id\":\"https:\\\/\\\/www.franz-stadlhofer.at\\\/shop\\\/#organization\"},\"potentialAction\":[{\"@type\":\"SearchAction\",\"target\":{\"@type\":\"EntryPoint\",\"urlTemplate\":\"https:\\\/\\\/www.franz-stadlhofer.at\\\/shop\\\/?s={search_term_string}\"},\"query-input\":{\"@type\":\"PropertyValueSpecification\",\"valueRequired\":true,\"valueName\":\"search_term_string\"}}],\"inLanguage\":\"de\"},{\"@type\":\"Organization\",\"@id\":\"https:\\\/\\\/www.franz-stadlhofer.at\\\/shop\\\/#organization\",\"name\":\"Schnitzstube Stadlhofer Shop\",\"url\":\"https:\\\/\\\/www.franz-stadlhofer.at\\\/shop\\\/\",\"logo\":{\"@type\":\"ImageObject\",\"inLanguage\":\"de\",\"@id\":\"https:\\\/\\\/www.franz-stadlhofer.at\\\/shop\\\/#\\\/schema\\\/logo\\\/image\\\/\",\"url\":\"https:\\\/\\\/www.franz-stadlhofer.at\\\/shop\\\/wp-content\\\/uploads\\\/2019\\\/10\\\/LOGO-2-RETINA.png\",\"contentUrl\":\"https:\\\/\\\/www.franz-stadlhofer.at\\\/shop\\\/wp-content\\\/uploads\\\/2019\\\/10\\\/LOGO-2-RETINA.png\",\"width\":471,\"height\":160,\"caption\":\"Schnitzstube Stadlhofer Shop\"},\"image\":{\"@id\":\"https:\\\/\\\/www.franz-stadlhofer.at\\\/shop\\\/#\\\/schema\\\/logo\\\/image\\\/\"}}]}<\/script>\n<!-- \/ Yoast SEO plugin. -->","yoast_head_json":{"title":"Holzschutzwachs HU 005","description":"Hochwertige nicht schichtbildende Holzveredelung nach neuesten Erkenntnissen der nat\u00fcrlichen Oberfl\u00e4chenbeschichtung auf Basis von naturnahen Rohstoffen.Es ist auf Basis von pflanzlichen \u00d6len und Fetts\u00e4uren, Balsamharzen, Carnaubawachs, Candelillawachs (DAB Qualit\u00e4t) gel\u00f6st in Isoparaffin und Naturterpene. Die nat\u00fcrlichen Eigenschaften, wie Atmungsaktivit\u00e4t, Offenporigkeit, Diffusionsf\u00e4higkeit, bleiben voll erhalten. Mind. 1 Jahr bei Normaltemperatur im unge\u00f6ffneten Originalgebinde lagerf\u00e4hig. Eigenschaften: ungiftig, antistatisch, speichelecht, schwei\u00dfecht, wasserfest, keine Selbstentz\u00fcndung, gepr\u00fcft nach EN71\/T3","robots":{"index":"index","follow":"follow","max-snippet":"max-snippet:-1","max-image-preview":"max-image-preview:large","max-video-preview":"max-video-preview:-1"},"canonical":"https:\/\/www.franz-stadlhofer.at\/shop\/produkt\/holzschutzwachs-hu-005\/","og_locale":"de_DE","og_type":"article","og_title":"Holzschutzwachs HU 005","og_description":"Hochwertige nicht schichtbildende Holzveredelung nach neuesten Erkenntnissen der nat\u00fcrlichen Oberfl\u00e4chenbeschichtung auf Basis von naturnahen Rohstoffen.Es ist auf Basis von pflanzlichen \u00d6len und Fetts\u00e4uren, Balsamharzen, Carnaubawachs, Candelillawachs (DAB Qualit\u00e4t) gel\u00f6st in Isoparaffin und Naturterpene. Die nat\u00fcrlichen Eigenschaften, wie Atmungsaktivit\u00e4t, Offenporigkeit, Diffusionsf\u00e4higkeit, bleiben voll erhalten. Mind. 1 Jahr bei Normaltemperatur im unge\u00f6ffneten Originalgebinde lagerf\u00e4hig. Eigenschaften: ungiftig, antistatisch, speichelecht, schwei\u00dfecht, wasserfest, keine Selbstentz\u00fcndung, gepr\u00fcft nach EN71\/T3","og_url":"https:\/\/www.franz-stadlhofer.at\/shop\/produkt\/holzschutzwachs-hu-005\/","og_site_name":"Schnitzstube Stadlhofer Shop","article_modified_time":"2026-04-10T08:48:27+00:00","og_image":[{"width":945,"height":945,"url":"https:\/\/www.franz-stadlhofer.at\/shop\/wp-content\/uploads\/2015\/01\/products-Complex_Wachs_HU_005.jpg","type":"image\/jpeg"}],"twitter_card":"summary_large_image","twitter_misc":{"Gesch\u00e4tzte Lesezeit":"1\u00a0Minute"},"schema":{"@context":"https:\/\/schema.org","@graph":[{"@type":"WebPage","@id":"https:\/\/www.franz-stadlhofer.at\/shop\/produkt\/holzschutzwachs-hu-005\/","url":"https:\/\/www.franz-stadlhofer.at\/shop\/produkt\/holzschutzwachs-hu-005\/","name":"Holzschutzwachs HU 005","isPartOf":{"@id":"https:\/\/www.franz-stadlhofer.at\/shop\/#website"},"primaryImageOfPage":{"@id":"https:\/\/www.franz-stadlhofer.at\/shop\/produkt\/holzschutzwachs-hu-005\/#primaryimage"},"image":{"@id":"https:\/\/www.franz-stadlhofer.at\/shop\/produkt\/holzschutzwachs-hu-005\/#primaryimage"},"thumbnailUrl":"https:\/\/www.franz-stadlhofer.at\/shop\/wp-content\/uploads\/2015\/01\/products-Complex_Wachs_HU_005.jpg","datePublished":"2015-01-06T10:46:44+00:00","dateModified":"2026-04-10T08:48:27+00:00","description":"Hochwertige nicht schichtbildende Holzveredelung nach neuesten Erkenntnissen der nat\u00fcrlichen Oberfl\u00e4chenbeschichtung auf Basis von naturnahen Rohstoffen.Es ist auf Basis von pflanzlichen \u00d6len und Fetts\u00e4uren, Balsamharzen, Carnaubawachs, Candelillawachs (DAB Qualit\u00e4t) gel\u00f6st in Isoparaffin und Naturterpene. Die nat\u00fcrlichen Eigenschaften, wie Atmungsaktivit\u00e4t, Offenporigkeit, Diffusionsf\u00e4higkeit, bleiben voll erhalten. Mind. 1 Jahr bei Normaltemperatur im unge\u00f6ffneten Originalgebinde lagerf\u00e4hig. Eigenschaften: ungiftig, antistatisch, speichelecht, schwei\u00dfecht, wasserfest, keine Selbstentz\u00fcndung, gepr\u00fcft nach EN71\/T3","breadcrumb":{"@id":"https:\/\/www.franz-stadlhofer.at\/shop\/produkt\/holzschutzwachs-hu-005\/#breadcrumb"},"inLanguage":"de","potentialAction":[{"@type":"ReadAction","target":["https:\/\/www.franz-stadlhofer.at\/shop\/produkt\/holzschutzwachs-hu-005\/"]}]},{"@type":"ImageObject","inLanguage":"de","@id":"https:\/\/www.franz-stadlhofer.at\/shop\/produkt\/holzschutzwachs-hu-005\/#primaryimage","url":"https:\/\/www.franz-stadlhofer.at\/shop\/wp-content\/uploads\/2015\/01\/products-Complex_Wachs_HU_005.jpg","contentUrl":"https:\/\/www.franz-stadlhofer.at\/shop\/wp-content\/uploads\/2015\/01\/products-Complex_Wachs_HU_005.jpg","width":"945","height":"945","caption":"Holzschutzwachs HU 005 - Schnitzstube Stadlhofer Shop"},{"@type":"BreadcrumbList","@id":"https:\/\/www.franz-stadlhofer.at\/shop\/produkt\/holzschutzwachs-hu-005\/#breadcrumb","itemListElement":[{"@type":"ListItem","position":1,"name":"Startseite","item":"https:\/\/www.franz-stadlhofer.at\/shop\/"},{"@type":"ListItem","position":2,"name":"Produkte","item":"https:\/\/www.franz-stadlhofer.at\/shop\/shop\/"},{"@type":"ListItem","position":3,"name":"Holzschutzwachs HU 005"}]},{"@type":"WebSite","@id":"https:\/\/www.franz-stadlhofer.at\/shop\/#website","url":"https:\/\/www.franz-stadlhofer.at\/shop\/","name":"Schnitzstube Stadlhofer Shop","description":"Holzschnitzen Onlineshop","publisher":{"@id":"https:\/\/www.franz-stadlhofer.at\/shop\/#organization"},"potentialAction":[{"@type":"SearchAction","target":{"@type":"EntryPoint","urlTemplate":"https:\/\/www.franz-stadlhofer.at\/shop\/?s={search_term_string}"},"query-input":{"@type":"PropertyValueSpecification","valueRequired":true,"valueName":"search_term_string"}}],"inLanguage":"de"},{"@type":"Organization","@id":"https:\/\/www.franz-stadlhofer.at\/shop\/#organization","name":"Schnitzstube Stadlhofer Shop","url":"https:\/\/www.franz-stadlhofer.at\/shop\/","logo":{"@type":"ImageObject","inLanguage":"de","@id":"https:\/\/www.franz-stadlhofer.at\/shop\/#\/schema\/logo\/image\/","url":"https:\/\/www.franz-stadlhofer.at\/shop\/wp-content\/uploads\/2019\/10\/LOGO-2-RETINA.png","contentUrl":"https:\/\/www.franz-stadlhofer.at\/shop\/wp-content\/uploads\/2019\/10\/LOGO-2-RETINA.png","width":471,"height":160,"caption":"Schnitzstube Stadlhofer Shop"},"image":{"@id":"https:\/\/www.franz-stadlhofer.at\/shop\/#\/schema\/logo\/image\/"}}]}},"_links":{"self":[{"href":"https:\/\/www.franz-stadlhofer.at\/shop\/wp-json\/wp\/v2\/product\/22429","targetHints":{"allow":["GET"]}}],"collection":[{"href":"https:\/\/www.franz-stadlhofer.at\/shop\/wp-json\/wp\/v2\/product"}],"about":[{"href":"https:\/\/www.franz-stadlhofer.at\/shop\/wp-json\/wp\/v2\/types\/product"}],"wp:featuredmedia":[{"embeddable":true,"href":"https:\/\/www.franz-stadlhofer.at\/shop\/wp-json\/wp\/v2\/media\/22432"}],"wp:attachment":[{"href":"https:\/\/www.franz-stadlhofer.at\/shop\/wp-json\/wp\/v2\/media?parent=22429"}],"wp:term":[{"taxonomy":"product_brand","embeddable":true,"href":"https:\/\/www.franz-stadlhofer.at\/shop\/wp-json\/wp\/v2\/product_brand?post=22429"},{"taxonomy":"product_cat","embeddable":true,"href":"https:\/\/www.franz-stadlhofer.at\/shop\/wp-json\/wp\/v2\/product_cat?post=22429"},{"taxonomy":"product_tag","embeddable":true,"href":"https:\/\/www.franz-stadlhofer.at\/shop\/wp-json\/wp\/v2\/product_tag?post=22429"}],"curies":[{"name":"wp","href":"https:\/\/api.w.org\/{rel}","templated":true}]}}