{"id":22360,"date":"2024-04-24T18:36:39","date_gmt":"2024-04-24T16:36:39","guid":{"rendered":"https:\/\/www.franz-stadlhofer.at\/shop\/?post_type=product&#038;p=22360"},"modified":"2026-03-22T10:08:24","modified_gmt":"2026-03-22T09:08:24","slug":"vase-konisch-mit-sockel","status":"publish","type":"product","link":"https:\/\/www.franz-stadlhofer.at\/shop\/produkt\/vase-konisch-mit-sockel\/","title":{"rendered":"Vase konisch mit Sockel"},"content":{"rendered":"<p>Vasen eignen sich besonders f\u00fcr die Verzierung mit diversen Bandmustern und schm\u00fccken jeden Tisch.<br \/>\nWenn Sie die Vasen nicht nur f\u00fcr Trockenblumen verwenden m\u00f6chten, vergessen Sie nicht, die passenden <strong><a href=\"https:\/\/www.franz-stadlhofer.at\/shop\/produkt\/vaseneinsatz\/\">Glaseprovetten<\/a><\/strong> mitzubestellen.<\/p>\n<p>Material: Lindenholz unbehandelt (roh)<br \/>\nMa\u00dfe (L x B x H): 32 x 7 x 5 cm<\/p>\n","protected":false},"excerpt":{"rendered":"<p>Vasen eignen sich besonders f\u00fcr die Verzierung mit diversen Bandmustern und schm\u00fccken jeden Tisch. Wenn Sie die Vasen nicht nur f\u00fcr Trockenblumen verwenden m\u00f6chten, vergessen Sie nicht, die passenden Glaseprovetten mitzubestellen. Material: Lindenholz unbehandelt (roh)  [&#8230;]<\/p>\n","protected":false},"featured_media":22361,"template":"","meta":[],"product_brand":[803],"product_cat":[777,759],"product_tag":[1450,1480,1499,1516,1518,1576,1577],"class_list":{"0":"post-22360","1":"product","2":"type-product","3":"status-publish","4":"has-post-thumbnail","6":"product_brand-schnitzstube-franz-stadlhofer","7":"product_cat-vasen","8":"product_cat-rohes-lindenholz","9":"product_tag-schnitzholz","10":"product_tag-eckig","11":"product_tag-vase","12":"product_tag-rohes-lindenholz","13":"product_tag-beschnitzbar","14":"product_tag-konisch","15":"product_tag-mit-sockel","17":"first","18":"instock","19":"taxable","20":"shipping-taxable","21":"purchasable","22":"product-type-simple"},"barcode":null,"atum_controlled":true,"out_stock_date":null,"out_stock_threshold":null,"inheritable":false,"stock_on_hold":0,"sold_today":0,"sales_last_days":0,"reserved_stock":0,"customer_returns":0,"warehouse_damage":0,"lost_in_post":0,"other_logs":0,"out_stock_days":0,"lost_sales":0,"update_date":"2026-05-15T00:10:58","atum_locations":[],"atum_stock_status":"instock","restock_status":false,"low_stock_amount":"","sales_update_date":"2026-05-15T00:10:58","calc_backorders":null,"yoast_head":"<!-- This site is optimized with the Yoast SEO plugin v27.5 - https:\/\/yoast.com\/product\/yoast-seo-wordpress\/ -->\n<title>... konisch mit Sockel<\/title>\n<meta name=\"description\" content=\"Vasen eignen sich besonders f\u00fcr die Verzierung mit diversen Bandmustern und schm\u00fccken jeden Tisch. Wenn Sie die Vasen nicht nur f\u00fcr Trockenblumen verwenden m\u00f6chten, vergessen Sie nicht, die passenden Glaseprovetten mitzubestellen.Material: Lindenholz unbehandelt (roh)Ma\u00dfe (L x B x H): 32 x 7 x 5 cm\" \/>\n<meta name=\"robots\" content=\"index, follow, max-snippet:-1, max-image-preview:large, max-video-preview:-1\" \/>\n<link rel=\"canonical\" href=\"https:\/\/www.franz-stadlhofer.at\/shop\/produkt\/vase-konisch-mit-sockel\/\" \/>\n<meta property=\"og:locale\" content=\"de_DE\" \/>\n<meta property=\"og:type\" content=\"article\" \/>\n<meta property=\"og:title\" content=\"... konisch mit Sockel\" \/>\n<meta property=\"og:description\" content=\"Vasen eignen sich besonders f\u00fcr die Verzierung mit diversen Bandmustern und schm\u00fccken jeden Tisch. Wenn Sie die Vasen nicht nur f\u00fcr Trockenblumen verwenden m\u00f6chten, vergessen Sie nicht, die passenden Glaseprovetten mitzubestellen.Material: Lindenholz unbehandelt (roh)Ma\u00dfe (L x B x H): 32 x 7 x 5 cm\" \/>\n<meta property=\"og:url\" content=\"https:\/\/www.franz-stadlhofer.at\/shop\/produkt\/vase-konisch-mit-sockel\/\" \/>\n<meta property=\"og:site_name\" content=\"Schnitzstube Stadlhofer Shop\" \/>\n<meta property=\"article:modified_time\" content=\"2026-03-22T09:08:24+00:00\" \/>\n<meta property=\"og:image\" content=\"https:\/\/www.franz-stadlhofer.at\/shop\/wp-content\/uploads\/2014\/11\/products-Vase_konisch_mit_Sockel.jpg\" \/>\n\t<meta property=\"og:image:width\" content=\"945\" \/>\n\t<meta property=\"og:image:height\" content=\"945\" \/>\n\t<meta property=\"og:image:type\" content=\"image\/jpeg\" \/>\n<meta name=\"twitter:card\" content=\"summary_large_image\" \/>\n<script type=\"application\/ld+json\" class=\"yoast-schema-graph\">{\"@context\":\"https:\\\/\\\/schema.org\",\"@graph\":[{\"@type\":\"WebPage\",\"@id\":\"https:\\\/\\\/www.franz-stadlhofer.at\\\/shop\\\/produkt\\\/vase-konisch-mit-sockel\\\/\",\"url\":\"https:\\\/\\\/www.franz-stadlhofer.at\\\/shop\\\/produkt\\\/vase-konisch-mit-sockel\\\/\",\"name\":\"... konisch mit Sockel\",\"isPartOf\":{\"@id\":\"https:\\\/\\\/www.franz-stadlhofer.at\\\/shop\\\/#website\"},\"primaryImageOfPage\":{\"@id\":\"https:\\\/\\\/www.franz-stadlhofer.at\\\/shop\\\/produkt\\\/vase-konisch-mit-sockel\\\/#primaryimage\"},\"image\":{\"@id\":\"https:\\\/\\\/www.franz-stadlhofer.at\\\/shop\\\/produkt\\\/vase-konisch-mit-sockel\\\/#primaryimage\"},\"thumbnailUrl\":\"https:\\\/\\\/www.franz-stadlhofer.at\\\/shop\\\/wp-content\\\/uploads\\\/2014\\\/11\\\/products-Vase_konisch_mit_Sockel.jpg\",\"datePublished\":\"2024-04-24T16:36:39+00:00\",\"dateModified\":\"2026-03-22T09:08:24+00:00\",\"description\":\"Vasen eignen sich besonders f\u00fcr die Verzierung mit diversen Bandmustern und schm\u00fccken jeden Tisch. Wenn Sie die Vasen nicht nur f\u00fcr Trockenblumen verwenden m\u00f6chten, vergessen Sie nicht, die passenden Glaseprovetten mitzubestellen.Material: Lindenholz unbehandelt (roh)Ma\u00dfe (L x B x H): 32 x 7 x 5 cm\",\"breadcrumb\":{\"@id\":\"https:\\\/\\\/www.franz-stadlhofer.at\\\/shop\\\/produkt\\\/vase-konisch-mit-sockel\\\/#breadcrumb\"},\"inLanguage\":\"de\",\"potentialAction\":[{\"@type\":\"ReadAction\",\"target\":[\"https:\\\/\\\/www.franz-stadlhofer.at\\\/shop\\\/produkt\\\/vase-konisch-mit-sockel\\\/\"]}]},{\"@type\":\"ImageObject\",\"inLanguage\":\"de\",\"@id\":\"https:\\\/\\\/www.franz-stadlhofer.at\\\/shop\\\/produkt\\\/vase-konisch-mit-sockel\\\/#primaryimage\",\"url\":\"https:\\\/\\\/www.franz-stadlhofer.at\\\/shop\\\/wp-content\\\/uploads\\\/2014\\\/11\\\/products-Vase_konisch_mit_Sockel.jpg\",\"contentUrl\":\"https:\\\/\\\/www.franz-stadlhofer.at\\\/shop\\\/wp-content\\\/uploads\\\/2014\\\/11\\\/products-Vase_konisch_mit_Sockel.jpg\",\"width\":\"945\",\"height\":\"945\",\"caption\":\"Vase konisch mit Sockel Lindenholz roh - Schnitzstube Stadlhofer Shop\"},{\"@type\":\"BreadcrumbList\",\"@id\":\"https:\\\/\\\/www.franz-stadlhofer.at\\\/shop\\\/produkt\\\/vase-konisch-mit-sockel\\\/#breadcrumb\",\"itemListElement\":[{\"@type\":\"ListItem\",\"position\":1,\"name\":\"Startseite\",\"item\":\"https:\\\/\\\/www.franz-stadlhofer.at\\\/shop\\\/\"},{\"@type\":\"ListItem\",\"position\":2,\"name\":\"Produkte\",\"item\":\"https:\\\/\\\/www.franz-stadlhofer.at\\\/shop\\\/shop\\\/\"},{\"@type\":\"ListItem\",\"position\":3,\"name\":\"Vase konisch mit Sockel\"}]},{\"@type\":\"WebSite\",\"@id\":\"https:\\\/\\\/www.franz-stadlhofer.at\\\/shop\\\/#website\",\"url\":\"https:\\\/\\\/www.franz-stadlhofer.at\\\/shop\\\/\",\"name\":\"Schnitzstube Stadlhofer Shop\",\"description\":\"Holzschnitzen Onlineshop\",\"publisher\":{\"@id\":\"https:\\\/\\\/www.franz-stadlhofer.at\\\/shop\\\/#organization\"},\"potentialAction\":[{\"@type\":\"SearchAction\",\"target\":{\"@type\":\"EntryPoint\",\"urlTemplate\":\"https:\\\/\\\/www.franz-stadlhofer.at\\\/shop\\\/?s={search_term_string}\"},\"query-input\":{\"@type\":\"PropertyValueSpecification\",\"valueRequired\":true,\"valueName\":\"search_term_string\"}}],\"inLanguage\":\"de\"},{\"@type\":\"Organization\",\"@id\":\"https:\\\/\\\/www.franz-stadlhofer.at\\\/shop\\\/#organization\",\"name\":\"Schnitzstube Stadlhofer Shop\",\"url\":\"https:\\\/\\\/www.franz-stadlhofer.at\\\/shop\\\/\",\"logo\":{\"@type\":\"ImageObject\",\"inLanguage\":\"de\",\"@id\":\"https:\\\/\\\/www.franz-stadlhofer.at\\\/shop\\\/#\\\/schema\\\/logo\\\/image\\\/\",\"url\":\"https:\\\/\\\/www.franz-stadlhofer.at\\\/shop\\\/wp-content\\\/uploads\\\/2019\\\/10\\\/LOGO-2-RETINA.png\",\"contentUrl\":\"https:\\\/\\\/www.franz-stadlhofer.at\\\/shop\\\/wp-content\\\/uploads\\\/2019\\\/10\\\/LOGO-2-RETINA.png\",\"width\":471,\"height\":160,\"caption\":\"Schnitzstube Stadlhofer Shop\"},\"image\":{\"@id\":\"https:\\\/\\\/www.franz-stadlhofer.at\\\/shop\\\/#\\\/schema\\\/logo\\\/image\\\/\"}}]}<\/script>\n<!-- \/ Yoast SEO plugin. -->","yoast_head_json":{"title":"... konisch mit Sockel","description":"Vasen eignen sich besonders f\u00fcr die Verzierung mit diversen Bandmustern und schm\u00fccken jeden Tisch. Wenn Sie die Vasen nicht nur f\u00fcr Trockenblumen verwenden m\u00f6chten, vergessen Sie nicht, die passenden Glaseprovetten mitzubestellen.Material: Lindenholz unbehandelt (roh)Ma\u00dfe (L x B x H): 32 x 7 x 5 cm","robots":{"index":"index","follow":"follow","max-snippet":"max-snippet:-1","max-image-preview":"max-image-preview:large","max-video-preview":"max-video-preview:-1"},"canonical":"https:\/\/www.franz-stadlhofer.at\/shop\/produkt\/vase-konisch-mit-sockel\/","og_locale":"de_DE","og_type":"article","og_title":"... konisch mit Sockel","og_description":"Vasen eignen sich besonders f\u00fcr die Verzierung mit diversen Bandmustern und schm\u00fccken jeden Tisch. Wenn Sie die Vasen nicht nur f\u00fcr Trockenblumen verwenden m\u00f6chten, vergessen Sie nicht, die passenden Glaseprovetten mitzubestellen.Material: Lindenholz unbehandelt (roh)Ma\u00dfe (L x B x H): 32 x 7 x 5 cm","og_url":"https:\/\/www.franz-stadlhofer.at\/shop\/produkt\/vase-konisch-mit-sockel\/","og_site_name":"Schnitzstube Stadlhofer Shop","article_modified_time":"2026-03-22T09:08:24+00:00","og_image":[{"width":945,"height":945,"url":"https:\/\/www.franz-stadlhofer.at\/shop\/wp-content\/uploads\/2014\/11\/products-Vase_konisch_mit_Sockel.jpg","type":"image\/jpeg"}],"twitter_card":"summary_large_image","schema":{"@context":"https:\/\/schema.org","@graph":[{"@type":"WebPage","@id":"https:\/\/www.franz-stadlhofer.at\/shop\/produkt\/vase-konisch-mit-sockel\/","url":"https:\/\/www.franz-stadlhofer.at\/shop\/produkt\/vase-konisch-mit-sockel\/","name":"... konisch mit Sockel","isPartOf":{"@id":"https:\/\/www.franz-stadlhofer.at\/shop\/#website"},"primaryImageOfPage":{"@id":"https:\/\/www.franz-stadlhofer.at\/shop\/produkt\/vase-konisch-mit-sockel\/#primaryimage"},"image":{"@id":"https:\/\/www.franz-stadlhofer.at\/shop\/produkt\/vase-konisch-mit-sockel\/#primaryimage"},"thumbnailUrl":"https:\/\/www.franz-stadlhofer.at\/shop\/wp-content\/uploads\/2014\/11\/products-Vase_konisch_mit_Sockel.jpg","datePublished":"2024-04-24T16:36:39+00:00","dateModified":"2026-03-22T09:08:24+00:00","description":"Vasen eignen sich besonders f\u00fcr die Verzierung mit diversen Bandmustern und schm\u00fccken jeden Tisch. Wenn Sie die Vasen nicht nur f\u00fcr Trockenblumen verwenden m\u00f6chten, vergessen Sie nicht, die passenden Glaseprovetten mitzubestellen.Material: Lindenholz unbehandelt (roh)Ma\u00dfe (L x B x H): 32 x 7 x 5 cm","breadcrumb":{"@id":"https:\/\/www.franz-stadlhofer.at\/shop\/produkt\/vase-konisch-mit-sockel\/#breadcrumb"},"inLanguage":"de","potentialAction":[{"@type":"ReadAction","target":["https:\/\/www.franz-stadlhofer.at\/shop\/produkt\/vase-konisch-mit-sockel\/"]}]},{"@type":"ImageObject","inLanguage":"de","@id":"https:\/\/www.franz-stadlhofer.at\/shop\/produkt\/vase-konisch-mit-sockel\/#primaryimage","url":"https:\/\/www.franz-stadlhofer.at\/shop\/wp-content\/uploads\/2014\/11\/products-Vase_konisch_mit_Sockel.jpg","contentUrl":"https:\/\/www.franz-stadlhofer.at\/shop\/wp-content\/uploads\/2014\/11\/products-Vase_konisch_mit_Sockel.jpg","width":"945","height":"945","caption":"Vase konisch mit Sockel Lindenholz roh - Schnitzstube Stadlhofer Shop"},{"@type":"BreadcrumbList","@id":"https:\/\/www.franz-stadlhofer.at\/shop\/produkt\/vase-konisch-mit-sockel\/#breadcrumb","itemListElement":[{"@type":"ListItem","position":1,"name":"Startseite","item":"https:\/\/www.franz-stadlhofer.at\/shop\/"},{"@type":"ListItem","position":2,"name":"Produkte","item":"https:\/\/www.franz-stadlhofer.at\/shop\/shop\/"},{"@type":"ListItem","position":3,"name":"Vase konisch mit Sockel"}]},{"@type":"WebSite","@id":"https:\/\/www.franz-stadlhofer.at\/shop\/#website","url":"https:\/\/www.franz-stadlhofer.at\/shop\/","name":"Schnitzstube Stadlhofer Shop","description":"Holzschnitzen Onlineshop","publisher":{"@id":"https:\/\/www.franz-stadlhofer.at\/shop\/#organization"},"potentialAction":[{"@type":"SearchAction","target":{"@type":"EntryPoint","urlTemplate":"https:\/\/www.franz-stadlhofer.at\/shop\/?s={search_term_string}"},"query-input":{"@type":"PropertyValueSpecification","valueRequired":true,"valueName":"search_term_string"}}],"inLanguage":"de"},{"@type":"Organization","@id":"https:\/\/www.franz-stadlhofer.at\/shop\/#organization","name":"Schnitzstube Stadlhofer Shop","url":"https:\/\/www.franz-stadlhofer.at\/shop\/","logo":{"@type":"ImageObject","inLanguage":"de","@id":"https:\/\/www.franz-stadlhofer.at\/shop\/#\/schema\/logo\/image\/","url":"https:\/\/www.franz-stadlhofer.at\/shop\/wp-content\/uploads\/2019\/10\/LOGO-2-RETINA.png","contentUrl":"https:\/\/www.franz-stadlhofer.at\/shop\/wp-content\/uploads\/2019\/10\/LOGO-2-RETINA.png","width":471,"height":160,"caption":"Schnitzstube Stadlhofer Shop"},"image":{"@id":"https:\/\/www.franz-stadlhofer.at\/shop\/#\/schema\/logo\/image\/"}}]}},"_links":{"self":[{"href":"https:\/\/www.franz-stadlhofer.at\/shop\/wp-json\/wp\/v2\/product\/22360","targetHints":{"allow":["GET"]}}],"collection":[{"href":"https:\/\/www.franz-stadlhofer.at\/shop\/wp-json\/wp\/v2\/product"}],"about":[{"href":"https:\/\/www.franz-stadlhofer.at\/shop\/wp-json\/wp\/v2\/types\/product"}],"wp:featuredmedia":[{"embeddable":true,"href":"https:\/\/www.franz-stadlhofer.at\/shop\/wp-json\/wp\/v2\/media\/22361"}],"wp:attachment":[{"href":"https:\/\/www.franz-stadlhofer.at\/shop\/wp-json\/wp\/v2\/media?parent=22360"}],"wp:term":[{"taxonomy":"product_brand","embeddable":true,"href":"https:\/\/www.franz-stadlhofer.at\/shop\/wp-json\/wp\/v2\/product_brand?post=22360"},{"taxonomy":"product_cat","embeddable":true,"href":"https:\/\/www.franz-stadlhofer.at\/shop\/wp-json\/wp\/v2\/product_cat?post=22360"},{"taxonomy":"product_tag","embeddable":true,"href":"https:\/\/www.franz-stadlhofer.at\/shop\/wp-json\/wp\/v2\/product_tag?post=22360"}],"curies":[{"name":"wp","href":"https:\/\/api.w.org\/{rel}","templated":true}]}}