{"id":21839,"date":"2024-04-24T18:35:37","date_gmt":"2024-04-24T16:35:37","guid":{"rendered":"https:\/\/www.franz-stadlhofer.at\/shop\/?post_type=product&#038;p=21839"},"modified":"2025-04-01T01:00:05","modified_gmt":"2025-03-31T23:00:05","slug":"teller-mit-erhoehtem-rand","status":"publish","type":"product","link":"https:\/\/www.franz-stadlhofer.at\/shop\/produkt\/teller-mit-erhoehtem-rand\/","title":{"rendered":"Teller mit erh\u00f6htem Rand"},"content":{"rendered":"<p>Teller k\u00f6nnen vielf\u00e4ltig gestaltet und zum Einsatz gebracht werden. Klassisch als dekorativer Servierteller f\u00fcr bspw. Wurst und K\u00e4se. Als einzigartiger Wandschmuck oder als ein handgemachtes pers\u00f6nliches Geschenk. Auch eignen sich Teller mit individueller Beschnitzung als Erinnerung an Jubil\u00e4en, Geburten, Hochzeiten und sonstige freudige oder denkw\u00fcrdige Anl\u00e4sse. Die Schwierigkeit des geschnitzten Musters\/Motives kann frei nach dem Wunsch\/K\u00f6nnen des Schnitzers gew\u00e4hlt werden. Daher ist f\u00fcr alle etwas dabei.<\/p>\n<p>Nicht zu vergessen ist die M\u00f6glichkeit aus Tellern Uhren herzustellen. Ideen sowie das ben\u00f6tigte Material dazu finden Sie in diesem Shop unter unseren <a href=\"https:\/\/www.franz-stadlhofer.at\/shop\/?s=Uhren+set&amp;post_type=product&amp;type_aws=true\"><strong>Uhren Sets.<\/strong><\/a><\/p>\n<p>Durchmesser: 34 cm<\/p>\n","protected":false},"excerpt":{"rendered":"<p>Teller k\u00f6nnen vielf\u00e4ltig gestaltet und zum Einsatz gebracht werden. Klassisch als dekorativer Servierteller f\u00fcr bspw. Wurst und K\u00e4se. Als einzigartiger Wandschmuck oder als ein handgemachtes pers\u00f6nliches Geschenk. Auch eignen sich Teller mit individueller Beschnitzung als  [&#8230;]<\/p>\n","protected":false},"featured_media":21841,"template":"","meta":[],"product_brand":[803],"product_cat":[779,759],"product_tag":[1262,1450,1516,1518,1528],"class_list":{"0":"post-21839","1":"product","2":"type-product","3":"status-publish","4":"has-post-thumbnail","6":"product_brand-schnitzstube-franz-stadlhofer","7":"product_cat-teller","8":"product_cat-rohes-lindenholz","9":"product_tag-teller","10":"product_tag-schnitzholz","11":"product_tag-rohes-lindenholz","12":"product_tag-beschnitzbar","13":"product_tag-teller-mit-rand","15":"first","16":"instock","17":"taxable","18":"shipping-taxable","19":"purchasable","20":"product-type-simple"},"barcode":null,"atum_controlled":true,"out_stock_date":null,"out_stock_threshold":null,"inheritable":false,"stock_on_hold":0,"sold_today":0,"sales_last_days":0,"reserved_stock":0,"customer_returns":0,"warehouse_damage":0,"lost_in_post":0,"other_logs":0,"out_stock_days":0,"lost_sales":0,"update_date":"2026-04-29T00:05:54","atum_locations":[],"atum_stock_status":"instock","restock_status":false,"low_stock_amount":"","sales_update_date":"2026-04-29T00:05:54","calc_backorders":null,"yoast_head":"<!-- This site is optimized with the Yoast SEO plugin v27.4 - https:\/\/yoast.com\/product\/yoast-seo-wordpress\/ -->\n<title>... mit erh\u00f6htem Rand<\/title>\n<meta name=\"description\" content=\"\u00a0\" \/>\n<meta name=\"robots\" content=\"index, follow, max-snippet:-1, max-image-preview:large, max-video-preview:-1\" \/>\n<link rel=\"canonical\" href=\"https:\/\/www.franz-stadlhofer.at\/shop\/produkt\/teller-mit-erhoehtem-rand\/\" \/>\n<meta property=\"og:locale\" content=\"de_DE\" \/>\n<meta property=\"og:type\" content=\"article\" \/>\n<meta property=\"og:title\" content=\"... mit erh\u00f6htem Rand\" \/>\n<meta property=\"og:description\" content=\"\u00a0\" \/>\n<meta property=\"og:url\" content=\"https:\/\/www.franz-stadlhofer.at\/shop\/produkt\/teller-mit-erhoehtem-rand\/\" \/>\n<meta property=\"og:site_name\" content=\"Schnitzstube Stadlhofer Shop\" \/>\n<meta property=\"article:modified_time\" content=\"2025-03-31T23:00:05+00:00\" \/>\n<meta property=\"og:image\" content=\"https:\/\/www.franz-stadlhofer.at\/shop\/wp-content\/uploads\/2014\/09\/products-Teller_mit_erhohtem_Rand5.jpg\" \/>\n\t<meta property=\"og:image:width\" content=\"945\" \/>\n\t<meta property=\"og:image:height\" content=\"945\" \/>\n\t<meta property=\"og:image:type\" content=\"image\/jpeg\" \/>\n<meta name=\"twitter:card\" content=\"summary_large_image\" \/>\n<meta name=\"twitter:label1\" content=\"Gesch\u00e4tzte Lesezeit\" \/>\n\t<meta name=\"twitter:data1\" content=\"1\u00a0Minute\" \/>\n<script type=\"application\/ld+json\" class=\"yoast-schema-graph\">{\"@context\":\"https:\\\/\\\/schema.org\",\"@graph\":[{\"@type\":\"WebPage\",\"@id\":\"https:\\\/\\\/www.franz-stadlhofer.at\\\/shop\\\/produkt\\\/teller-mit-erhoehtem-rand\\\/\",\"url\":\"https:\\\/\\\/www.franz-stadlhofer.at\\\/shop\\\/produkt\\\/teller-mit-erhoehtem-rand\\\/\",\"name\":\"... mit erh\u00f6htem Rand\",\"isPartOf\":{\"@id\":\"https:\\\/\\\/www.franz-stadlhofer.at\\\/shop\\\/#website\"},\"primaryImageOfPage\":{\"@id\":\"https:\\\/\\\/www.franz-stadlhofer.at\\\/shop\\\/produkt\\\/teller-mit-erhoehtem-rand\\\/#primaryimage\"},\"image\":{\"@id\":\"https:\\\/\\\/www.franz-stadlhofer.at\\\/shop\\\/produkt\\\/teller-mit-erhoehtem-rand\\\/#primaryimage\"},\"thumbnailUrl\":\"https:\\\/\\\/www.franz-stadlhofer.at\\\/shop\\\/wp-content\\\/uploads\\\/2014\\\/09\\\/products-Teller_mit_erhohtem_Rand5.jpg\",\"datePublished\":\"2024-04-24T16:35:37+00:00\",\"dateModified\":\"2025-03-31T23:00:05+00:00\",\"description\":\"\u00a0\",\"breadcrumb\":{\"@id\":\"https:\\\/\\\/www.franz-stadlhofer.at\\\/shop\\\/produkt\\\/teller-mit-erhoehtem-rand\\\/#breadcrumb\"},\"inLanguage\":\"de\",\"potentialAction\":[{\"@type\":\"ReadAction\",\"target\":[\"https:\\\/\\\/www.franz-stadlhofer.at\\\/shop\\\/produkt\\\/teller-mit-erhoehtem-rand\\\/\"]}]},{\"@type\":\"ImageObject\",\"inLanguage\":\"de\",\"@id\":\"https:\\\/\\\/www.franz-stadlhofer.at\\\/shop\\\/produkt\\\/teller-mit-erhoehtem-rand\\\/#primaryimage\",\"url\":\"https:\\\/\\\/www.franz-stadlhofer.at\\\/shop\\\/wp-content\\\/uploads\\\/2014\\\/09\\\/products-Teller_mit_erhohtem_Rand5.jpg\",\"contentUrl\":\"https:\\\/\\\/www.franz-stadlhofer.at\\\/shop\\\/wp-content\\\/uploads\\\/2014\\\/09\\\/products-Teller_mit_erhohtem_Rand5.jpg\",\"width\":\"945\",\"height\":\"945\",\"caption\":\"Teller mit erh\u00f6htem Rand Lindenholz roh - Schnitzstube Stadlhofer Shop\"},{\"@type\":\"BreadcrumbList\",\"@id\":\"https:\\\/\\\/www.franz-stadlhofer.at\\\/shop\\\/produkt\\\/teller-mit-erhoehtem-rand\\\/#breadcrumb\",\"itemListElement\":[{\"@type\":\"ListItem\",\"position\":1,\"name\":\"Startseite\",\"item\":\"https:\\\/\\\/www.franz-stadlhofer.at\\\/shop\\\/\"},{\"@type\":\"ListItem\",\"position\":2,\"name\":\"Produkte\",\"item\":\"https:\\\/\\\/www.franz-stadlhofer.at\\\/shop\\\/shop\\\/\"},{\"@type\":\"ListItem\",\"position\":3,\"name\":\"Teller mit erh\u00f6htem Rand\"}]},{\"@type\":\"WebSite\",\"@id\":\"https:\\\/\\\/www.franz-stadlhofer.at\\\/shop\\\/#website\",\"url\":\"https:\\\/\\\/www.franz-stadlhofer.at\\\/shop\\\/\",\"name\":\"Schnitzstube Stadlhofer Shop\",\"description\":\"Holzschnitzen Onlineshop\",\"publisher\":{\"@id\":\"https:\\\/\\\/www.franz-stadlhofer.at\\\/shop\\\/#organization\"},\"potentialAction\":[{\"@type\":\"SearchAction\",\"target\":{\"@type\":\"EntryPoint\",\"urlTemplate\":\"https:\\\/\\\/www.franz-stadlhofer.at\\\/shop\\\/?s={search_term_string}\"},\"query-input\":{\"@type\":\"PropertyValueSpecification\",\"valueRequired\":true,\"valueName\":\"search_term_string\"}}],\"inLanguage\":\"de\"},{\"@type\":\"Organization\",\"@id\":\"https:\\\/\\\/www.franz-stadlhofer.at\\\/shop\\\/#organization\",\"name\":\"Schnitzstube Stadlhofer Shop\",\"url\":\"https:\\\/\\\/www.franz-stadlhofer.at\\\/shop\\\/\",\"logo\":{\"@type\":\"ImageObject\",\"inLanguage\":\"de\",\"@id\":\"https:\\\/\\\/www.franz-stadlhofer.at\\\/shop\\\/#\\\/schema\\\/logo\\\/image\\\/\",\"url\":\"https:\\\/\\\/www.franz-stadlhofer.at\\\/shop\\\/wp-content\\\/uploads\\\/2019\\\/10\\\/LOGO-2-RETINA.png\",\"contentUrl\":\"https:\\\/\\\/www.franz-stadlhofer.at\\\/shop\\\/wp-content\\\/uploads\\\/2019\\\/10\\\/LOGO-2-RETINA.png\",\"width\":471,\"height\":160,\"caption\":\"Schnitzstube Stadlhofer Shop\"},\"image\":{\"@id\":\"https:\\\/\\\/www.franz-stadlhofer.at\\\/shop\\\/#\\\/schema\\\/logo\\\/image\\\/\"}}]}<\/script>\n<!-- \/ Yoast SEO plugin. -->","yoast_head_json":{"title":"... mit erh\u00f6htem Rand","description":"\u00a0","robots":{"index":"index","follow":"follow","max-snippet":"max-snippet:-1","max-image-preview":"max-image-preview:large","max-video-preview":"max-video-preview:-1"},"canonical":"https:\/\/www.franz-stadlhofer.at\/shop\/produkt\/teller-mit-erhoehtem-rand\/","og_locale":"de_DE","og_type":"article","og_title":"... mit erh\u00f6htem Rand","og_description":"\u00a0","og_url":"https:\/\/www.franz-stadlhofer.at\/shop\/produkt\/teller-mit-erhoehtem-rand\/","og_site_name":"Schnitzstube Stadlhofer Shop","article_modified_time":"2025-03-31T23:00:05+00:00","og_image":[{"width":945,"height":945,"url":"https:\/\/www.franz-stadlhofer.at\/shop\/wp-content\/uploads\/2014\/09\/products-Teller_mit_erhohtem_Rand5.jpg","type":"image\/jpeg"}],"twitter_card":"summary_large_image","twitter_misc":{"Gesch\u00e4tzte Lesezeit":"1\u00a0Minute"},"schema":{"@context":"https:\/\/schema.org","@graph":[{"@type":"WebPage","@id":"https:\/\/www.franz-stadlhofer.at\/shop\/produkt\/teller-mit-erhoehtem-rand\/","url":"https:\/\/www.franz-stadlhofer.at\/shop\/produkt\/teller-mit-erhoehtem-rand\/","name":"... mit erh\u00f6htem Rand","isPartOf":{"@id":"https:\/\/www.franz-stadlhofer.at\/shop\/#website"},"primaryImageOfPage":{"@id":"https:\/\/www.franz-stadlhofer.at\/shop\/produkt\/teller-mit-erhoehtem-rand\/#primaryimage"},"image":{"@id":"https:\/\/www.franz-stadlhofer.at\/shop\/produkt\/teller-mit-erhoehtem-rand\/#primaryimage"},"thumbnailUrl":"https:\/\/www.franz-stadlhofer.at\/shop\/wp-content\/uploads\/2014\/09\/products-Teller_mit_erhohtem_Rand5.jpg","datePublished":"2024-04-24T16:35:37+00:00","dateModified":"2025-03-31T23:00:05+00:00","description":"\u00a0","breadcrumb":{"@id":"https:\/\/www.franz-stadlhofer.at\/shop\/produkt\/teller-mit-erhoehtem-rand\/#breadcrumb"},"inLanguage":"de","potentialAction":[{"@type":"ReadAction","target":["https:\/\/www.franz-stadlhofer.at\/shop\/produkt\/teller-mit-erhoehtem-rand\/"]}]},{"@type":"ImageObject","inLanguage":"de","@id":"https:\/\/www.franz-stadlhofer.at\/shop\/produkt\/teller-mit-erhoehtem-rand\/#primaryimage","url":"https:\/\/www.franz-stadlhofer.at\/shop\/wp-content\/uploads\/2014\/09\/products-Teller_mit_erhohtem_Rand5.jpg","contentUrl":"https:\/\/www.franz-stadlhofer.at\/shop\/wp-content\/uploads\/2014\/09\/products-Teller_mit_erhohtem_Rand5.jpg","width":"945","height":"945","caption":"Teller mit erh\u00f6htem Rand Lindenholz roh - Schnitzstube Stadlhofer Shop"},{"@type":"BreadcrumbList","@id":"https:\/\/www.franz-stadlhofer.at\/shop\/produkt\/teller-mit-erhoehtem-rand\/#breadcrumb","itemListElement":[{"@type":"ListItem","position":1,"name":"Startseite","item":"https:\/\/www.franz-stadlhofer.at\/shop\/"},{"@type":"ListItem","position":2,"name":"Produkte","item":"https:\/\/www.franz-stadlhofer.at\/shop\/shop\/"},{"@type":"ListItem","position":3,"name":"Teller mit erh\u00f6htem Rand"}]},{"@type":"WebSite","@id":"https:\/\/www.franz-stadlhofer.at\/shop\/#website","url":"https:\/\/www.franz-stadlhofer.at\/shop\/","name":"Schnitzstube Stadlhofer Shop","description":"Holzschnitzen Onlineshop","publisher":{"@id":"https:\/\/www.franz-stadlhofer.at\/shop\/#organization"},"potentialAction":[{"@type":"SearchAction","target":{"@type":"EntryPoint","urlTemplate":"https:\/\/www.franz-stadlhofer.at\/shop\/?s={search_term_string}"},"query-input":{"@type":"PropertyValueSpecification","valueRequired":true,"valueName":"search_term_string"}}],"inLanguage":"de"},{"@type":"Organization","@id":"https:\/\/www.franz-stadlhofer.at\/shop\/#organization","name":"Schnitzstube Stadlhofer Shop","url":"https:\/\/www.franz-stadlhofer.at\/shop\/","logo":{"@type":"ImageObject","inLanguage":"de","@id":"https:\/\/www.franz-stadlhofer.at\/shop\/#\/schema\/logo\/image\/","url":"https:\/\/www.franz-stadlhofer.at\/shop\/wp-content\/uploads\/2019\/10\/LOGO-2-RETINA.png","contentUrl":"https:\/\/www.franz-stadlhofer.at\/shop\/wp-content\/uploads\/2019\/10\/LOGO-2-RETINA.png","width":471,"height":160,"caption":"Schnitzstube Stadlhofer Shop"},"image":{"@id":"https:\/\/www.franz-stadlhofer.at\/shop\/#\/schema\/logo\/image\/"}}]}},"_links":{"self":[{"href":"https:\/\/www.franz-stadlhofer.at\/shop\/wp-json\/wp\/v2\/product\/21839","targetHints":{"allow":["GET"]}}],"collection":[{"href":"https:\/\/www.franz-stadlhofer.at\/shop\/wp-json\/wp\/v2\/product"}],"about":[{"href":"https:\/\/www.franz-stadlhofer.at\/shop\/wp-json\/wp\/v2\/types\/product"}],"wp:featuredmedia":[{"embeddable":true,"href":"https:\/\/www.franz-stadlhofer.at\/shop\/wp-json\/wp\/v2\/media\/21841"}],"wp:attachment":[{"href":"https:\/\/www.franz-stadlhofer.at\/shop\/wp-json\/wp\/v2\/media?parent=21839"}],"wp:term":[{"taxonomy":"product_brand","embeddable":true,"href":"https:\/\/www.franz-stadlhofer.at\/shop\/wp-json\/wp\/v2\/product_brand?post=21839"},{"taxonomy":"product_cat","embeddable":true,"href":"https:\/\/www.franz-stadlhofer.at\/shop\/wp-json\/wp\/v2\/product_cat?post=21839"},{"taxonomy":"product_tag","embeddable":true,"href":"https:\/\/www.franz-stadlhofer.at\/shop\/wp-json\/wp\/v2\/product_tag?post=21839"}],"curies":[{"name":"wp","href":"https:\/\/api.w.org\/{rel}","templated":true}]}}

Teller mit erhöhtem Rand

<p>Teller können vielfältig gestaltet und zum Einsatz gebracht werden. Klassisch als dekorativer Servierteller für bspw. Wurst und Käse. Als einzigartiger Wandschmuck oder als ein handgemachtes persönliches Geschenk. Auch eignen sich Teller mit individueller Beschnitzung als Erinnerung an Jubiläen, Geburten, Hochzeiten und sonstige freudige oder denkwürdige Anlässe. Die Schwierigkeit des geschnitzten Musters/Motives kann frei nach dem Wunsch/Können des Schnitzers gewählt werden. Daher ist für alle etwas dabei.</p>
<p>Nicht zu vergessen ist die Möglichkeit aus Tellern Uhren herzustellen. Ideen sowie das benötigte Material dazu finden Sie in diesem Shop unter unseren <a href="https://www.franz-stadlhofer.at/shop/?s=Uhren+set&amp;post_type=product&amp;type_aws=true"><strong>Uhren Sets.</strong></a></p>
<p>Durchmesser: 34 cm</p>

<p>Teller können vielfältig gestaltet und zum Einsatz gebracht werden. Klassisch als dekorativer Servierteller für bspw. Wurst und Käse. Als einzigartiger Wandschmuck oder als ein handgemachtes persönliches Geschenk. Auch eignen sich Teller mit individueller Beschnitzung als  [&#8230;]</p>

<!-- This site is optimized with the Yoast SEO plugin v27.4 - https://yoast.com/product/yoast-seo-wordpress/ -->
<title>... mit erhöhtem Rand</title>
<meta name="description" content=" " />
<meta name="robots" content="index, follow, max-snippet:-1, max-image-preview:large, max-video-preview:-1" />
<link rel="canonical" href="https://www.franz-stadlhofer.at/shop/produkt/teller-mit-erhoehtem-rand/" />
<meta property="og:locale" content="de_DE" />
<meta property="og:type" content="article" />
<meta property="og:title" content="... mit erhöhtem Rand" />
<meta property="og:description" content=" " />
<meta property="og:url" content="https://www.franz-stadlhofer.at/shop/produkt/teller-mit-erhoehtem-rand/" />
<meta property="og:site_name" content="Schnitzstube Stadlhofer Shop" />
<meta property="article:modified_time" content="2025-03-31T23:00:05+00:00" />
<meta property="og:image" content="https://www.franz-stadlhofer.at/shop/wp-content/uploads/2014/09/products-Teller_mit_erhohtem_Rand5.jpg" />
	<meta property="og:image:width" content="945" />
	<meta property="og:image:height" content="945" />
	<meta property="og:image:type" content="image/jpeg" />
<meta name="twitter:card" content="summary_large_image" />
<meta name="twitter:label1" content="Geschätzte Lesezeit" />
	<meta name="twitter:data1" content="1 Minute" />
<script type="application/ld+json" class="yoast-schema-graph">{"@context":"https:\/\/schema.org","@graph":[{"@type":"WebPage","@id":"https:\/\/www.franz-stadlhofer.at\/shop\/produkt\/teller-mit-erhoehtem-rand\/","url":"https:\/\/www.franz-stadlhofer.at\/shop\/produkt\/teller-mit-erhoehtem-rand\/","name":"... mit erhöhtem Rand","isPartOf":{"@id":"https:\/\/www.franz-stadlhofer.at\/shop\/#website"},"primaryImageOfPage":{"@id":"https:\/\/www.franz-stadlhofer.at\/shop\/produkt\/teller-mit-erhoehtem-rand\/#primaryimage"},"image":{"@id":"https:\/\/www.franz-stadlhofer.at\/shop\/produkt\/teller-mit-erhoehtem-rand\/#primaryimage"},"thumbnailUrl":"https:\/\/www.franz-stadlhofer.at\/shop\/wp-content\/uploads\/2014\/09\/products-Teller_mit_erhohtem_Rand5.jpg","datePublished":"2024-04-24T16:35:37+00:00","dateModified":"2025-03-31T23:00:05+00:00","description":" ","breadcrumb":{"@id":"https:\/\/www.franz-stadlhofer.at\/shop\/produkt\/teller-mit-erhoehtem-rand\/#breadcrumb"},"inLanguage":"de","potentialAction":[{"@type":"ReadAction","target":["https:\/\/www.franz-stadlhofer.at\/shop\/produkt\/teller-mit-erhoehtem-rand\/"]}]},{"@type":"ImageObject","inLanguage":"de","@id":"https:\/\/www.franz-stadlhofer.at\/shop\/produkt\/teller-mit-erhoehtem-rand\/#primaryimage","url":"https:\/\/www.franz-stadlhofer.at\/shop\/wp-content\/uploads\/2014\/09\/products-Teller_mit_erhohtem_Rand5.jpg","contentUrl":"https:\/\/www.franz-stadlhofer.at\/shop\/wp-content\/uploads\/2014\/09\/products-Teller_mit_erhohtem_Rand5.jpg","width":"945","height":"945","caption":"Teller mit erhöhtem Rand Lindenholz roh - Schnitzstube Stadlhofer Shop"},{"@type":"BreadcrumbList","@id":"https:\/\/www.franz-stadlhofer.at\/shop\/produkt\/teller-mit-erhoehtem-rand\/#breadcrumb","itemListElement":[{"@type":"ListItem","position":1,"name":"Startseite","item":"https:\/\/www.franz-stadlhofer.at\/shop\/"},{"@type":"ListItem","position":2,"name":"Produkte","item":"https:\/\/www.franz-stadlhofer.at\/shop\/shop\/"},{"@type":"ListItem","position":3,"name":"Teller mit erhöhtem Rand"}]},{"@type":"WebSite","@id":"https:\/\/www.franz-stadlhofer.at\/shop\/#website","url":"https:\/\/www.franz-stadlhofer.at\/shop\/","name":"Schnitzstube Stadlhofer Shop","description":"Holzschnitzen Onlineshop","publisher":{"@id":"https:\/\/www.franz-stadlhofer.at\/shop\/#organization"},"potentialAction":[{"@type":"SearchAction","target":{"@type":"EntryPoint","urlTemplate":"https:\/\/www.franz-stadlhofer.at\/shop\/?s={search_term_string}"},"query-input":{"@type":"PropertyValueSpecification","valueRequired":true,"valueName":"search_term_string"}}],"inLanguage":"de"},{"@type":"Organization","@id":"https:\/\/www.franz-stadlhofer.at\/shop\/#organization","name":"Schnitzstube Stadlhofer Shop","url":"https:\/\/www.franz-stadlhofer.at\/shop\/","logo":{"@type":"ImageObject","inLanguage":"de","@id":"https:\/\/www.franz-stadlhofer.at\/shop\/#\/schema\/logo\/image\/","url":"https:\/\/www.franz-stadlhofer.at\/shop\/wp-content\/uploads\/2019\/10\/LOGO-2-RETINA.png","contentUrl":"https:\/\/www.franz-stadlhofer.at\/shop\/wp-content\/uploads\/2019\/10\/LOGO-2-RETINA.png","width":471,"height":160,"caption":"Schnitzstube Stadlhofer Shop"},"image":{"@id":"https:\/\/www.franz-stadlhofer.at\/shop\/#\/schema\/logo\/image\/"}}]}</script>
<!-- / Yoast SEO plugin. -->

... mit erhöhtem Rand

Teller mit erhöhtem Rand Lindenholz roh - Schnitzstube Stadlhofer Shop
